{"id":11168,"date":"2025-12-16T10:58:56","date_gmt":"2025-12-16T10:58:56","guid":{"rendered":"https:\/\/ykmtest.com\/?post_type=product&#038;p=11168"},"modified":"2025-12-16T11:08:43","modified_gmt":"2025-12-16T11:08:43","slug":"hand-operated-hydraulic-specimen-vertical-extruder","status":"publish","type":"product","link":"https:\/\/ykmtest.com\/french\/produit\/hand-operated-hydraulic-specimen-vertical-extruder\/","title":{"rendered":"Extrudeuse verticale hydraulique manuelle pour \u00e9chantillons"},"content":{"rendered":"<p>Utilis\u00e9 dans les applications de laboratoire pour permettre un remplacement rapide du moule et une force d'extraction contr\u00f4l\u00e9e. Le corps est constitu\u00e9 d'un cadre vertical \u00e0 haute rigidit\u00e9. Le syst\u00e8me hydraulique fonctionne \u00e0 l'aide d'une pompe actionn\u00e9e manuellement et d'un cylindre \u00e9tanche align\u00e9 sur un seul axe. Un manom\u00e8tre int\u00e9gr\u00e9 affiche la pression appliqu\u00e9e. La section de maintien des moules est \u00e9quip\u00e9e d'un m\u00e9canisme de serrage rapide, permettant de fixer concentriquement les moules Proctor\/CBR, les cellules triaxiales, les tubes Shelby, etc. Les pointes des pistons \u00e9jecteurs sont interchangeables ; des t\u00eates usin\u00e9es avec des rayons adapt\u00e9s sont disponibles pour les moules de diff\u00e9rents diam\u00e8tres internes. La tige du piston est guid\u00e9e contre la rotation, ce qui \u00e9vite toute torsion sur la surface de l'\u00e9chantillon ; la friction est minimis\u00e9e tout au long de la course, ce qui garantit une extrusion en douceur. La configuration verticale assure un soutien naturel par gravit\u00e9, r\u00e9duisant les ruptures et maintenant la stabilit\u00e9 structurelle, m\u00eame pour les \u00e9chantillons longs. L'espace de travail important permet une mise en place et un retrait rapides des moules. Un rev\u00eatement \u00e9lectrostatique assure la protection contre les environnements corrosifs ; les tuyaux hydrauliques sont \u00e0 haute pression et comportent des raccords \u00e9tanches.<\/p>","protected":false},"excerpt":{"rendered":"<p>L'extrudeuse verticale hydraulique manuelle pour \u00e9chantillons est un dispositif manuel de type vertical con\u00e7u pour extraire des \u00e9chantillons de moules et de tubes cylindriques sans fissure, excentricit\u00e9 ou perte d'int\u00e9grit\u00e9 dimensionnelle.<\/p>","protected":false},"featured_media":0,"template":"","meta":{"_acf_changed":false},"product_brand":[],"product_cat":[120,119],"product_tag":[],"class_list":{"0":"post-11168","1":"product","2":"type-product","3":"status-publish","5":"product_cat-sample-preparation","6":"product_cat-soil-lab","9":"instock","10":"shipping-taxable","11":"product-type-simple"},"acf":[],"yoast_head":"<!-- This site is optimized with the Yoast SEO Premium plugin v26.5 (Yoast SEO v27.5) - https:\/\/yoast.com\/product\/yoast-seo-premium-wordpress\/ -->\n<title>Hand-Operated Hydraulic Specimen Vertical Extruder - YKM TEST<\/title>\n<meta name=\"description\" content=\"Hand-Operated Hydraulic Specimen Vertical Extruder is a manual device for smooth and precise extraction of specimens from molds without damage or dimensional loss.\" \/>\n<meta name=\"robots\" content=\"index, follow, max-snippet:-1, max-image-preview:large, max-video-preview:-1\" \/>\n<link rel=\"canonical\" href=\"https:\/\/darkorchid-cheetah-525435.hostingersite.com\/product\/hand-operated-hydraulic-specimen-vertical-extruder\/\" \/>\n<meta property=\"og:locale\" content=\"fr_FR\" \/>\n<meta property=\"og:type\" content=\"article\" \/>\n<meta property=\"og:title\" content=\"Hand-Operated Hydraulic Specimen Vertical Extruder\" \/>\n<meta property=\"og:description\" content=\"Hand-Operated Hydraulic Specimen Vertical Extruder is a manual device for smooth and precise extraction of specimens from molds without damage or dimensional loss.\" \/>\n<meta property=\"og:url\" content=\"https:\/\/darkorchid-cheetah-525435.hostingersite.com\/product\/hand-operated-hydraulic-specimen-vertical-extruder\/\" \/>\n<meta property=\"og:site_name\" content=\"YKM TEST\" \/>\n<meta property=\"article:modified_time\" content=\"2025-12-16T11:08:43+00:00\" \/>\n<meta name=\"twitter:card\" content=\"summary_large_image\" \/>\n<meta name=\"twitter:label1\" content=\"Prix\" \/>\n\t<meta name=\"twitter:data1\" content=\"\" \/>\n\t<meta name=\"twitter:label2\" content=\"Disponibilit\u00e9\" \/>\n\t<meta name=\"twitter:data2\" content=\"En stock\" \/>\n<script type=\"application\/ld+json\" class=\"yoast-schema-graph\">{\"@context\":\"https:\\\/\\\/schema.org\",\"@graph\":[{\"@type\":\"WebPage\",\"@id\":\"https:\\\/\\\/darkorchid-cheetah-525435.hostingersite.com\\\/product\\\/hand-operated-hydraulic-specimen-vertical-extruder\\\/\",\"url\":\"https:\\\/\\\/darkorchid-cheetah-525435.hostingersite.com\\\/product\\\/hand-operated-hydraulic-specimen-vertical-extruder\\\/\",\"name\":\"Hand-Operated Hydraulic Specimen Vertical Extruder - YKM TEST\",\"isPartOf\":{\"@id\":\"https:\\\/\\\/darkorchid-cheetah-525435.hostingersite.com\\\/#website\"},\"datePublished\":\"2025-12-16T10:58:56+00:00\",\"dateModified\":\"2025-12-16T11:08:43+00:00\",\"description\":\"Hand-Operated Hydraulic Specimen Vertical Extruder is a manual device for smooth and precise extraction of specimens from molds without damage or dimensional loss.\",\"breadcrumb\":{\"@id\":\"https:\\\/\\\/darkorchid-cheetah-525435.hostingersite.com\\\/product\\\/hand-operated-hydraulic-specimen-vertical-extruder\\\/#breadcrumb\"},\"inLanguage\":\"fr-FR\",\"potentialAction\":[{\"@type\":\"ReadAction\",\"target\":[\"https:\\\/\\\/darkorchid-cheetah-525435.hostingersite.com\\\/product\\\/hand-operated-hydraulic-specimen-vertical-extruder\\\/\"]}]},{\"@type\":\"BreadcrumbList\",\"@id\":\"https:\\\/\\\/darkorchid-cheetah-525435.hostingersite.com\\\/product\\\/hand-operated-hydraulic-specimen-vertical-extruder\\\/#breadcrumb\",\"itemListElement\":[{\"@type\":\"ListItem\",\"position\":1,\"name\":\"Home\",\"item\":\"https:\\\/\\\/darkorchid-cheetah-525435.hostingersite.com\\\/\"},{\"@type\":\"ListItem\",\"position\":2,\"name\":\"\u0422\u043e\u0432\u0430\u0440\u044b\",\"item\":\"https:\\\/\\\/ykmtest.com\\\/ru\\\/shop\\\/\"},{\"@type\":\"ListItem\",\"position\":3,\"name\":\"Hand-Operated Hydraulic Specimen Vertical Extruder\"}]},{\"@type\":\"WebSite\",\"@id\":\"https:\\\/\\\/darkorchid-cheetah-525435.hostingersite.com\\\/#website\",\"url\":\"https:\\\/\\\/darkorchid-cheetah-525435.hostingersite.com\\\/\",\"name\":\"YKM TEST\",\"description\":\"\",\"publisher\":{\"@id\":\"https:\\\/\\\/darkorchid-cheetah-525435.hostingersite.com\\\/#organization\"},\"potentialAction\":[{\"@type\":\"SearchAction\",\"target\":{\"@type\":\"EntryPoint\",\"urlTemplate\":\"https:\\\/\\\/darkorchid-cheetah-525435.hostingersite.com\\\/?s={search_term_string}\"},\"query-input\":{\"@type\":\"PropertyValueSpecification\",\"valueRequired\":true,\"valueName\":\"search_term_string\"}}],\"inLanguage\":\"fr-FR\"},{\"@type\":[\"Organization\",\"Place\"],\"@id\":\"https:\\\/\\\/darkorchid-cheetah-525435.hostingersite.com\\\/#organization\",\"name\":\"YKM TEST\",\"url\":\"https:\\\/\\\/darkorchid-cheetah-525435.hostingersite.com\\\/\",\"logo\":{\"@id\":\"https:\\\/\\\/darkorchid-cheetah-525435.hostingersite.com\\\/product\\\/hand-operated-hydraulic-specimen-vertical-extruder\\\/#local-main-organization-logo\"},\"image\":{\"@id\":\"https:\\\/\\\/darkorchid-cheetah-525435.hostingersite.com\\\/product\\\/hand-operated-hydraulic-specimen-vertical-extruder\\\/#local-main-organization-logo\"},\"telephone\":[],\"openingHoursSpecification\":[{\"@type\":\"OpeningHoursSpecification\",\"dayOfWeek\":[\"Monday\",\"Tuesday\",\"Wednesday\",\"Thursday\",\"Friday\",\"Saturday\",\"Sunday\"],\"opens\":\"09:00\",\"closes\":\"17:00\"}]},{\"@type\":\"ImageObject\",\"inLanguage\":\"fr-FR\",\"@id\":\"https:\\\/\\\/darkorchid-cheetah-525435.hostingersite.com\\\/product\\\/hand-operated-hydraulic-specimen-vertical-extruder\\\/#local-main-organization-logo\",\"url\":\"https:\\\/\\\/ykmtest.com\\\/wp-content\\\/uploads\\\/2025\\\/10\\\/Asset-2@2x-8.png\",\"contentUrl\":\"https:\\\/\\\/ykmtest.com\\\/wp-content\\\/uploads\\\/2025\\\/10\\\/Asset-2@2x-8.png\",\"width\":1550,\"height\":323,\"caption\":\"YKM TEST\"}]}<\/script>\n<meta property=\"product:price:currency\" content=\"USD\" \/>\n<meta property=\"og:availability\" content=\"instock\" \/>\n<meta property=\"product:availability\" content=\"instock\" \/>\n<meta property=\"product:condition\" content=\"new\" \/>\n<!-- \/ Yoast SEO Premium plugin. -->","yoast_head_json":{"title":"Hand-Operated Hydraulic Specimen Vertical Extruder - YKM TEST","description":"Hand-Operated Hydraulic Specimen Vertical Extruder is a manual device for smooth and precise extraction of specimens from molds without damage or dimensional loss.","robots":{"index":"index","follow":"follow","max-snippet":"max-snippet:-1","max-image-preview":"max-image-preview:large","max-video-preview":"max-video-preview:-1"},"canonical":"https:\/\/darkorchid-cheetah-525435.hostingersite.com\/product\/hand-operated-hydraulic-specimen-vertical-extruder\/","og_locale":"fr_FR","og_type":"article","og_title":"Hand-Operated Hydraulic Specimen Vertical Extruder","og_description":"Hand-Operated Hydraulic Specimen Vertical Extruder is a manual device for smooth and precise extraction of specimens from molds without damage or dimensional loss.","og_url":"https:\/\/darkorchid-cheetah-525435.hostingersite.com\/product\/hand-operated-hydraulic-specimen-vertical-extruder\/","og_site_name":"YKM TEST","article_modified_time":"2025-12-16T11:08:43+00:00","twitter_card":"summary_large_image","twitter_misc":{"Prix":"","Disponibilit\u00e9":"En stock"},"schema":{"@context":"https:\/\/schema.org","@graph":[{"@type":"WebPage","@id":"https:\/\/darkorchid-cheetah-525435.hostingersite.com\/product\/hand-operated-hydraulic-specimen-vertical-extruder\/","url":"https:\/\/darkorchid-cheetah-525435.hostingersite.com\/product\/hand-operated-hydraulic-specimen-vertical-extruder\/","name":"Hand-Operated Hydraulic Specimen Vertical Extruder - YKM TEST","isPartOf":{"@id":"https:\/\/darkorchid-cheetah-525435.hostingersite.com\/#website"},"datePublished":"2025-12-16T10:58:56+00:00","dateModified":"2025-12-16T11:08:43+00:00","description":"Hand-Operated Hydraulic Specimen Vertical Extruder is a manual device for smooth and precise extraction of specimens from molds without damage or dimensional loss.","breadcrumb":{"@id":"https:\/\/darkorchid-cheetah-525435.hostingersite.com\/product\/hand-operated-hydraulic-specimen-vertical-extruder\/#breadcrumb"},"inLanguage":"fr-FR","potentialAction":[{"@type":"ReadAction","target":["https:\/\/darkorchid-cheetah-525435.hostingersite.com\/product\/hand-operated-hydraulic-specimen-vertical-extruder\/"]}]},{"@type":"BreadcrumbList","@id":"https:\/\/darkorchid-cheetah-525435.hostingersite.com\/product\/hand-operated-hydraulic-specimen-vertical-extruder\/#breadcrumb","itemListElement":[{"@type":"ListItem","position":1,"name":"Home","item":"https:\/\/darkorchid-cheetah-525435.hostingersite.com\/"},{"@type":"ListItem","position":2,"name":"\u0422\u043e\u0432\u0430\u0440\u044b","item":"https:\/\/ykmtest.com\/ru\/shop\/"},{"@type":"ListItem","position":3,"name":"Hand-Operated Hydraulic Specimen Vertical Extruder"}]},{"@type":"WebSite","@id":"https:\/\/darkorchid-cheetah-525435.hostingersite.com\/#website","url":"https:\/\/darkorchid-cheetah-525435.hostingersite.com\/","name":"TEST YKM","description":"","publisher":{"@id":"https:\/\/darkorchid-cheetah-525435.hostingersite.com\/#organization"},"potentialAction":[{"@type":"SearchAction","target":{"@type":"EntryPoint","urlTemplate":"https:\/\/darkorchid-cheetah-525435.hostingersite.com\/?s={search_term_string}"},"query-input":{"@type":"PropertyValueSpecification","valueRequired":true,"valueName":"search_term_string"}}],"inLanguage":"fr-FR"},{"@type":["Organization","Place"],"@id":"https:\/\/darkorchid-cheetah-525435.hostingersite.com\/#organization","name":"TEST YKM","url":"https:\/\/darkorchid-cheetah-525435.hostingersite.com\/","logo":{"@id":"https:\/\/darkorchid-cheetah-525435.hostingersite.com\/product\/hand-operated-hydraulic-specimen-vertical-extruder\/#local-main-organization-logo"},"image":{"@id":"https:\/\/darkorchid-cheetah-525435.hostingersite.com\/product\/hand-operated-hydraulic-specimen-vertical-extruder\/#local-main-organization-logo"},"telephone":[],"openingHoursSpecification":[{"@type":"OpeningHoursSpecification","dayOfWeek":["Monday","Tuesday","Wednesday","Thursday","Friday","Saturday","Sunday"],"opens":"09:00","closes":"17:00"}]},{"@type":"ImageObject","inLanguage":"fr-FR","@id":"https:\/\/darkorchid-cheetah-525435.hostingersite.com\/product\/hand-operated-hydraulic-specimen-vertical-extruder\/#local-main-organization-logo","url":"https:\/\/ykmtest.com\/wp-content\/uploads\/2025\/10\/Asset-2@2x-8.png","contentUrl":"https:\/\/ykmtest.com\/wp-content\/uploads\/2025\/10\/Asset-2@2x-8.png","width":1550,"height":323,"caption":"YKM TEST"}]},"product_price_currency":"USD","og_availability":"instock","product_availability":"instock","product_condition":"new"},"_links":{"self":[{"href":"https:\/\/ykmtest.com\/french\/wp-json\/wp\/v2\/product\/11168","targetHints":{"allow":["GET"]}}],"collection":[{"href":"https:\/\/ykmtest.com\/french\/wp-json\/wp\/v2\/product"}],"about":[{"href":"https:\/\/ykmtest.com\/french\/wp-json\/wp\/v2\/types\/product"}],"version-history":[{"count":1,"href":"https:\/\/ykmtest.com\/french\/wp-json\/wp\/v2\/product\/11168\/revisions"}],"predecessor-version":[{"id":11169,"href":"https:\/\/ykmtest.com\/french\/wp-json\/wp\/v2\/product\/11168\/revisions\/11169"}],"wp:attachment":[{"href":"https:\/\/ykmtest.com\/french\/wp-json\/wp\/v2\/media?parent=11168"}],"wp:term":[{"taxonomy":"product_brand","embeddable":true,"href":"https:\/\/ykmtest.com\/french\/wp-json\/wp\/v2\/product_brand?post=11168"},{"taxonomy":"product_cat","embeddable":true,"href":"https:\/\/ykmtest.com\/french\/wp-json\/wp\/v2\/product_cat?post=11168"},{"taxonomy":"product_tag","embeddable":true,"href":"https:\/\/ykmtest.com\/french\/wp-json\/wp\/v2\/product_tag?post=11168"}],"curies":[{"name":"wp","href":"https:\/\/api.w.org\/{rel}","templated":true}]}}