{"id":11346,"date":"2025-12-19T11:53:22","date_gmt":"2025-12-19T11:53:22","guid":{"rendered":"https:\/\/ykmtest.com\/?post_type=product&#038;p=11346"},"modified":"2025-12-19T11:57:35","modified_gmt":"2025-12-19T11:57:35","slug":"sample-splitters-riffle-type","status":"publish","type":"product","link":"https:\/\/ykmtest.com\/french\/produit\/sample-splitters-riffle-type\/","title":{"rendered":"Diviseurs d'\u00e9chantillons, type \u00e0 riffle"},"content":{"rendered":"<p>L'ensemble de la goulotte est constitu\u00e9 de canaux double face de taille uniforme. La largeur des goulottes est choisie en fonction de la taille maximale des particules, ce qui permet de minimiser les ponts et d'assurer un flux continu. Les poign\u00e9es de transport lat\u00e9rales et les \u00e9l\u00e9ments de verrouillage facilitent le d\u00e9placement sur le site. Diff\u00e9rentes largeurs de goulottes et configurations de canaux sont disponibles pour s'adapter \u00e0 diff\u00e9rentes gammes de tailles de particules et de capacit\u00e9s de traitement. Le syst\u00e8me utilise un r\u00e9seau de goulottes de largeur \u00e9gale, assurant un fractionnement pr\u00e9cis. La large tr\u00e9mie d'alimentation sup\u00e9rieure distribue le mat\u00e9riau de mani\u00e8re uniforme, tandis que les goulottes alternent sur les deux c\u00f4t\u00e9s, produisant deux portions \u00e9gales \u00e0 chaque passage.<\/p>","protected":false},"excerpt":{"rendered":"<p>Les s\u00e9parateurs d'\u00e9chantillons de type Riffle sont con\u00e7us pour la s\u00e9paration rapide et fiable de grands lots d'agr\u00e9gats grossiers et de mat\u00e9riaux granulaires en \u00e9chantillons d'essai repr\u00e9sentatifs.<\/p>","protected":false},"featured_media":0,"template":"","meta":{"_acf_changed":false},"product_brand":[],"product_cat":[135,136],"product_tag":[],"class_list":{"0":"post-11346","1":"product","2":"type-product","3":"status-publish","5":"product_cat-aggregate","6":"product_cat-sample-preparation-aggregate","9":"instock","10":"shipping-taxable","11":"product-type-simple"},"acf":[],"yoast_head":"<!-- This site is optimized with the Yoast SEO Premium plugin v26.5 (Yoast SEO v27.5) - https:\/\/yoast.com\/product\/yoast-seo-premium-wordpress\/ -->\n<title>Sample Splitters, Riffle-Type - YKM TEST<\/title>\n<meta name=\"description\" content=\"Reliable Riffle-Type Sample Splitters for fast separation of coarse aggregates. Adjustable chutes ensure precise and uniform sample division.\" \/>\n<meta name=\"robots\" content=\"index, follow, max-snippet:-1, max-image-preview:large, max-video-preview:-1\" \/>\n<link rel=\"canonical\" href=\"https:\/\/ykmtest.com\/french\/produit\/sample-splitters-riffle-type\/\" \/>\n<meta property=\"og:locale\" content=\"fr_FR\" \/>\n<meta property=\"og:type\" content=\"article\" \/>\n<meta property=\"og:title\" content=\"Sample Splitters, Riffle-Type\" \/>\n<meta property=\"og:description\" content=\"Reliable Riffle-Type Sample Splitters for fast separation of coarse aggregates. Adjustable chutes ensure precise and uniform sample division.\" \/>\n<meta property=\"og:url\" content=\"https:\/\/ykmtest.com\/french\/produit\/sample-splitters-riffle-type\/\" \/>\n<meta property=\"og:site_name\" content=\"YKM TEST\" \/>\n<meta property=\"article:modified_time\" content=\"2025-12-19T11:57:35+00:00\" \/>\n<meta name=\"twitter:card\" content=\"summary_large_image\" \/>\n<meta name=\"twitter:label1\" content=\"Prix\" \/>\n\t<meta name=\"twitter:data1\" content=\"\" \/>\n\t<meta name=\"twitter:label2\" content=\"Disponibilit\u00e9\" \/>\n\t<meta name=\"twitter:data2\" content=\"En stock\" \/>\n<script type=\"application\/ld+json\" class=\"yoast-schema-graph\">{\"@context\":\"https:\\\/\\\/schema.org\",\"@graph\":[{\"@type\":\"WebPage\",\"@id\":\"https:\\\/\\\/ykmtest.com\\\/product\\\/sample-splitters-riffle-type\\\/\",\"url\":\"https:\\\/\\\/ykmtest.com\\\/product\\\/sample-splitters-riffle-type\\\/\",\"name\":\"Sample Splitters, Riffle-Type - YKM TEST\",\"isPartOf\":{\"@id\":\"https:\\\/\\\/darkorchid-cheetah-525435.hostingersite.com\\\/#website\"},\"datePublished\":\"2025-12-19T11:53:22+00:00\",\"dateModified\":\"2025-12-19T11:57:35+00:00\",\"description\":\"Reliable Riffle-Type Sample Splitters for fast separation of coarse aggregates. Adjustable chutes ensure precise and uniform sample division.\",\"breadcrumb\":{\"@id\":\"https:\\\/\\\/ykmtest.com\\\/product\\\/sample-splitters-riffle-type\\\/#breadcrumb\"},\"inLanguage\":\"fr-FR\",\"potentialAction\":[{\"@type\":\"ReadAction\",\"target\":[\"https:\\\/\\\/ykmtest.com\\\/product\\\/sample-splitters-riffle-type\\\/\"]}]},{\"@type\":\"BreadcrumbList\",\"@id\":\"https:\\\/\\\/ykmtest.com\\\/product\\\/sample-splitters-riffle-type\\\/#breadcrumb\",\"itemListElement\":[{\"@type\":\"ListItem\",\"position\":1,\"name\":\"Home\",\"item\":\"https:\\\/\\\/darkorchid-cheetah-525435.hostingersite.com\\\/\"},{\"@type\":\"ListItem\",\"position\":2,\"name\":\"\u0422\u043e\u0432\u0430\u0440\u044b\",\"item\":\"https:\\\/\\\/ykmtest.com\\\/ru\\\/shop\\\/\"},{\"@type\":\"ListItem\",\"position\":3,\"name\":\"Sample Splitters, Riffle-Type\"}]},{\"@type\":\"WebSite\",\"@id\":\"https:\\\/\\\/darkorchid-cheetah-525435.hostingersite.com\\\/#website\",\"url\":\"https:\\\/\\\/darkorchid-cheetah-525435.hostingersite.com\\\/\",\"name\":\"YKM TEST\",\"description\":\"\",\"publisher\":{\"@id\":\"https:\\\/\\\/darkorchid-cheetah-525435.hostingersite.com\\\/#organization\"},\"potentialAction\":[{\"@type\":\"SearchAction\",\"target\":{\"@type\":\"EntryPoint\",\"urlTemplate\":\"https:\\\/\\\/darkorchid-cheetah-525435.hostingersite.com\\\/?s={search_term_string}\"},\"query-input\":{\"@type\":\"PropertyValueSpecification\",\"valueRequired\":true,\"valueName\":\"search_term_string\"}}],\"inLanguage\":\"fr-FR\"},{\"@type\":[\"Organization\",\"Place\"],\"@id\":\"https:\\\/\\\/darkorchid-cheetah-525435.hostingersite.com\\\/#organization\",\"name\":\"YKM TEST\",\"url\":\"https:\\\/\\\/darkorchid-cheetah-525435.hostingersite.com\\\/\",\"logo\":{\"@id\":\"https:\\\/\\\/ykmtest.com\\\/product\\\/sample-splitters-riffle-type\\\/#local-main-organization-logo\"},\"image\":{\"@id\":\"https:\\\/\\\/ykmtest.com\\\/product\\\/sample-splitters-riffle-type\\\/#local-main-organization-logo\"},\"telephone\":[],\"openingHoursSpecification\":[{\"@type\":\"OpeningHoursSpecification\",\"dayOfWeek\":[\"Monday\",\"Tuesday\",\"Wednesday\",\"Thursday\",\"Friday\",\"Saturday\",\"Sunday\"],\"opens\":\"09:00\",\"closes\":\"17:00\"}]},{\"@type\":\"ImageObject\",\"inLanguage\":\"fr-FR\",\"@id\":\"https:\\\/\\\/ykmtest.com\\\/product\\\/sample-splitters-riffle-type\\\/#local-main-organization-logo\",\"url\":\"https:\\\/\\\/ykmtest.com\\\/wp-content\\\/uploads\\\/2025\\\/10\\\/Asset-2@2x-8.png\",\"contentUrl\":\"https:\\\/\\\/ykmtest.com\\\/wp-content\\\/uploads\\\/2025\\\/10\\\/Asset-2@2x-8.png\",\"width\":1550,\"height\":323,\"caption\":\"YKM TEST\"}]}<\/script>\n<meta property=\"product:price:currency\" content=\"USD\" \/>\n<meta property=\"og:availability\" content=\"instock\" \/>\n<meta property=\"product:availability\" content=\"instock\" \/>\n<meta property=\"product:condition\" content=\"new\" \/>\n<!-- \/ Yoast SEO Premium plugin. -->","yoast_head_json":{"title":"Sample Splitters, Riffle-Type - YKM TEST","description":"Reliable Riffle-Type Sample Splitters for fast separation of coarse aggregates. Adjustable chutes ensure precise and uniform sample division.","robots":{"index":"index","follow":"follow","max-snippet":"max-snippet:-1","max-image-preview":"max-image-preview:large","max-video-preview":"max-video-preview:-1"},"canonical":"https:\/\/ykmtest.com\/french\/produit\/sample-splitters-riffle-type\/","og_locale":"fr_FR","og_type":"article","og_title":"Sample Splitters, Riffle-Type","og_description":"Reliable Riffle-Type Sample Splitters for fast separation of coarse aggregates. Adjustable chutes ensure precise and uniform sample division.","og_url":"https:\/\/ykmtest.com\/french\/produit\/sample-splitters-riffle-type\/","og_site_name":"YKM TEST","article_modified_time":"2025-12-19T11:57:35+00:00","twitter_card":"summary_large_image","twitter_misc":{"Prix":"","Disponibilit\u00e9":"En stock"},"schema":{"@context":"https:\/\/schema.org","@graph":[{"@type":"WebPage","@id":"https:\/\/ykmtest.com\/product\/sample-splitters-riffle-type\/","url":"https:\/\/ykmtest.com\/product\/sample-splitters-riffle-type\/","name":"Sample Splitters, Riffle-Type - YKM TEST","isPartOf":{"@id":"https:\/\/darkorchid-cheetah-525435.hostingersite.com\/#website"},"datePublished":"2025-12-19T11:53:22+00:00","dateModified":"2025-12-19T11:57:35+00:00","description":"Reliable Riffle-Type Sample Splitters for fast separation of coarse aggregates. Adjustable chutes ensure precise and uniform sample division.","breadcrumb":{"@id":"https:\/\/ykmtest.com\/product\/sample-splitters-riffle-type\/#breadcrumb"},"inLanguage":"fr-FR","potentialAction":[{"@type":"ReadAction","target":["https:\/\/ykmtest.com\/product\/sample-splitters-riffle-type\/"]}]},{"@type":"BreadcrumbList","@id":"https:\/\/ykmtest.com\/product\/sample-splitters-riffle-type\/#breadcrumb","itemListElement":[{"@type":"ListItem","position":1,"name":"Home","item":"https:\/\/darkorchid-cheetah-525435.hostingersite.com\/"},{"@type":"ListItem","position":2,"name":"\u0422\u043e\u0432\u0430\u0440\u044b","item":"https:\/\/ykmtest.com\/ru\/shop\/"},{"@type":"ListItem","position":3,"name":"Sample Splitters, Riffle-Type"}]},{"@type":"WebSite","@id":"https:\/\/darkorchid-cheetah-525435.hostingersite.com\/#website","url":"https:\/\/darkorchid-cheetah-525435.hostingersite.com\/","name":"TEST YKM","description":"","publisher":{"@id":"https:\/\/darkorchid-cheetah-525435.hostingersite.com\/#organization"},"potentialAction":[{"@type":"SearchAction","target":{"@type":"EntryPoint","urlTemplate":"https:\/\/darkorchid-cheetah-525435.hostingersite.com\/?s={search_term_string}"},"query-input":{"@type":"PropertyValueSpecification","valueRequired":true,"valueName":"search_term_string"}}],"inLanguage":"fr-FR"},{"@type":["Organization","Place"],"@id":"https:\/\/darkorchid-cheetah-525435.hostingersite.com\/#organization","name":"TEST YKM","url":"https:\/\/darkorchid-cheetah-525435.hostingersite.com\/","logo":{"@id":"https:\/\/ykmtest.com\/product\/sample-splitters-riffle-type\/#local-main-organization-logo"},"image":{"@id":"https:\/\/ykmtest.com\/product\/sample-splitters-riffle-type\/#local-main-organization-logo"},"telephone":[],"openingHoursSpecification":[{"@type":"OpeningHoursSpecification","dayOfWeek":["Monday","Tuesday","Wednesday","Thursday","Friday","Saturday","Sunday"],"opens":"09:00","closes":"17:00"}]},{"@type":"ImageObject","inLanguage":"fr-FR","@id":"https:\/\/ykmtest.com\/product\/sample-splitters-riffle-type\/#local-main-organization-logo","url":"https:\/\/ykmtest.com\/wp-content\/uploads\/2025\/10\/Asset-2@2x-8.png","contentUrl":"https:\/\/ykmtest.com\/wp-content\/uploads\/2025\/10\/Asset-2@2x-8.png","width":1550,"height":323,"caption":"YKM TEST"}]},"product_price_currency":"USD","og_availability":"instock","product_availability":"instock","product_condition":"new"},"_links":{"self":[{"href":"https:\/\/ykmtest.com\/french\/wp-json\/wp\/v2\/product\/11346","targetHints":{"allow":["GET"]}}],"collection":[{"href":"https:\/\/ykmtest.com\/french\/wp-json\/wp\/v2\/product"}],"about":[{"href":"https:\/\/ykmtest.com\/french\/wp-json\/wp\/v2\/types\/product"}],"version-history":[{"count":3,"href":"https:\/\/ykmtest.com\/french\/wp-json\/wp\/v2\/product\/11346\/revisions"}],"predecessor-version":[{"id":11349,"href":"https:\/\/ykmtest.com\/french\/wp-json\/wp\/v2\/product\/11346\/revisions\/11349"}],"wp:attachment":[{"href":"https:\/\/ykmtest.com\/french\/wp-json\/wp\/v2\/media?parent=11346"}],"wp:term":[{"taxonomy":"product_brand","embeddable":true,"href":"https:\/\/ykmtest.com\/french\/wp-json\/wp\/v2\/product_brand?post=11346"},{"taxonomy":"product_cat","embeddable":true,"href":"https:\/\/ykmtest.com\/french\/wp-json\/wp\/v2\/product_cat?post=11346"},{"taxonomy":"product_tag","embeddable":true,"href":"https:\/\/ykmtest.com\/french\/wp-json\/wp\/v2\/product_tag?post=11346"}],"curies":[{"name":"wp","href":"https:\/\/api.w.org\/{rel}","templated":true}]}}