{"id":11429,"date":"2025-12-23T10:31:51","date_gmt":"2025-12-23T10:31:51","guid":{"rendered":"https:\/\/ykmtest.com\/?post_type=product&#038;p=11429"},"modified":"2025-12-23T10:31:52","modified_gmt":"2025-12-23T10:31:52","slug":"magnesium-sulphate-sodium-sulphate-test-set","status":"publish","type":"product","link":"https:\/\/ykmtest.com\/french\/produit\/magnesium-sulphate-sodium-sulphate-test-set\/","title":{"rendered":"Kit de test pour sulfate de magn\u00e9sium \/ sulfate de sodium"},"content":{"rendered":"<p class=\"p2\"><span lang=\"TR\">Le kit de test pour le sulfate de magn\u00e9sium et le sulfate de sodium comprend des paniers d'immersion en acier inoxydable r\u00e9sistants \u00e0 la corrosion, des r\u00e9cipients r\u00e9sistants aux produits chimiques avec des couvercles \u00e9tanches, un hydrom\u00e8tre et un thermom\u00e8tre pour le contr\u00f4le de la concentration, des pinces de manipulation qui facilitent le transfert des \u00e9chantillons et des plateaux en acier inoxydable compatibles avec les fours. Toutes les surfaces de contact sont lisses, ce qui minimise l'accumulation de cristaux et de particules fines et garantit des r\u00e9sultats reproductibles \u00e0 chaque cycle. Les paniers d'immersion sont fabriqu\u00e9s \u00e0 partir d'un treillis m\u00e9tallique aux tol\u00e9rances pr\u00e9cises, et les couvercles verrouillables emp\u00eachent la perte d'\u00e9chantillons. Les r\u00e9cipients sont fabriqu\u00e9s dans un mat\u00e9riau chimiquement stable, adapt\u00e9 au contact \u00e0 long terme avec des solutions concentr\u00e9es ; les couvercles \u00e9tanches emp\u00eachent les d\u00e9versements. L'hydrom\u00e8tre et le thermom\u00e8tre en verre permettent de v\u00e9rifier la densit\u00e9 et la temp\u00e9rature de la solution ; les graduations de la gravit\u00e9 sont claires et permanentes. Les plateaux d'\u00e9tuve sont produits avec une grande plan\u00e9it\u00e9 ; ils conservent leur forme pendant les cycles thermiques et assurent un flux d'air uniforme pendant le s\u00e9chage. Les pinces de manutention pr\u00e9sentent des surfaces de pr\u00e9hension ergonomiques pour un transfert rapide entre les plateaux d'\u00e9chantillons et les paniers. L'ensemble est dimensionn\u00e9 pour r\u00e9pondre aux gammes de g\u00e9om\u00e9trie et de capacit\u00e9 requises dans les proc\u00e9dures de solidit\u00e9 au sulfate de magn\u00e9sium et de solidit\u00e9 au sulfate de sodium commun\u00e9ment accept\u00e9es pour l'\u00e9valuation de la qualit\u00e9 des agr\u00e9gats.<\/span><\/p>","protected":false},"excerpt":{"rendered":"<p>L'ensemble d'essais de sulfate de magn\u00e9sium\/sulfate de sodium est un groupe d'\u00e9quipements con\u00e7u pour \u00e9valuer la r\u00e9sistance (solidit\u00e9) des agr\u00e9gats \u00e0 la cristallisation du sel.<\/p>","protected":false},"featured_media":0,"template":"","meta":{"_acf_changed":false},"product_brand":[],"product_cat":[135,140],"product_tag":[],"class_list":{"0":"post-11429","1":"product","2":"type-product","3":"status-publish","5":"product_cat-aggregate","6":"product_cat-chemical-properties","9":"instock","10":"shipping-taxable","11":"product-type-simple"},"acf":[],"yoast_head":"<!-- This site is optimized with the Yoast SEO Premium plugin v26.5 (Yoast SEO v27.5) - https:\/\/yoast.com\/product\/yoast-seo-premium-wordpress\/ -->\n<title>Magnesium Sulphate \/ Sodium Sulphate Test Set - YKM TEST<\/title>\n<meta name=\"description\" content=\"Magnesium Sulphate \/ Sodium Sulphate Test Set evaluates aggregate soundness and resistance to salt crystallization with durable laboratory equipment.\" \/>\n<meta name=\"robots\" content=\"index, follow, max-snippet:-1, max-image-preview:large, max-video-preview:-1\" \/>\n<link rel=\"canonical\" href=\"https:\/\/darkorchid-cheetah-525435.hostingersite.com\/product\/magnesium-sulphate-sodium-sulphate-test-set\/\" \/>\n<meta property=\"og:locale\" content=\"fr_FR\" \/>\n<meta property=\"og:type\" content=\"article\" \/>\n<meta property=\"og:title\" content=\"Magnesium Sulphate \/ Sodium Sulphate Test Set\" \/>\n<meta property=\"og:description\" content=\"Magnesium Sulphate \/ Sodium Sulphate Test Set evaluates aggregate soundness and resistance to salt crystallization with durable laboratory equipment.\" \/>\n<meta property=\"og:url\" content=\"https:\/\/darkorchid-cheetah-525435.hostingersite.com\/product\/magnesium-sulphate-sodium-sulphate-test-set\/\" \/>\n<meta property=\"og:site_name\" content=\"YKM TEST\" \/>\n<meta property=\"article:modified_time\" content=\"2025-12-23T10:31:52+00:00\" \/>\n<meta name=\"twitter:card\" content=\"summary_large_image\" \/>\n<meta name=\"twitter:label1\" content=\"Prix\" \/>\n\t<meta name=\"twitter:data1\" content=\"\" \/>\n\t<meta name=\"twitter:label2\" content=\"Disponibilit\u00e9\" \/>\n\t<meta name=\"twitter:data2\" content=\"En stock\" \/>\n<script type=\"application\/ld+json\" class=\"yoast-schema-graph\">{\"@context\":\"https:\\\/\\\/schema.org\",\"@graph\":[{\"@type\":\"WebPage\",\"@id\":\"https:\\\/\\\/darkorchid-cheetah-525435.hostingersite.com\\\/product\\\/magnesium-sulphate-sodium-sulphate-test-set\\\/\",\"url\":\"https:\\\/\\\/darkorchid-cheetah-525435.hostingersite.com\\\/product\\\/magnesium-sulphate-sodium-sulphate-test-set\\\/\",\"name\":\"Magnesium Sulphate \\\/ Sodium Sulphate Test Set - YKM TEST\",\"isPartOf\":{\"@id\":\"https:\\\/\\\/darkorchid-cheetah-525435.hostingersite.com\\\/#website\"},\"datePublished\":\"2025-12-23T10:31:51+00:00\",\"dateModified\":\"2025-12-23T10:31:52+00:00\",\"description\":\"Magnesium Sulphate \\\/ Sodium Sulphate Test Set evaluates aggregate soundness and resistance to salt crystallization with durable laboratory equipment.\",\"breadcrumb\":{\"@id\":\"https:\\\/\\\/darkorchid-cheetah-525435.hostingersite.com\\\/product\\\/magnesium-sulphate-sodium-sulphate-test-set\\\/#breadcrumb\"},\"inLanguage\":\"fr-FR\",\"potentialAction\":[{\"@type\":\"ReadAction\",\"target\":[\"https:\\\/\\\/darkorchid-cheetah-525435.hostingersite.com\\\/product\\\/magnesium-sulphate-sodium-sulphate-test-set\\\/\"]}]},{\"@type\":\"BreadcrumbList\",\"@id\":\"https:\\\/\\\/darkorchid-cheetah-525435.hostingersite.com\\\/product\\\/magnesium-sulphate-sodium-sulphate-test-set\\\/#breadcrumb\",\"itemListElement\":[{\"@type\":\"ListItem\",\"position\":1,\"name\":\"Home\",\"item\":\"https:\\\/\\\/darkorchid-cheetah-525435.hostingersite.com\\\/\"},{\"@type\":\"ListItem\",\"position\":2,\"name\":\"\u0422\u043e\u0432\u0430\u0440\u044b\",\"item\":\"https:\\\/\\\/ykmtest.com\\\/ru\\\/shop\\\/\"},{\"@type\":\"ListItem\",\"position\":3,\"name\":\"Magnesium Sulphate \\\/ Sodium Sulphate Test Set\"}]},{\"@type\":\"WebSite\",\"@id\":\"https:\\\/\\\/darkorchid-cheetah-525435.hostingersite.com\\\/#website\",\"url\":\"https:\\\/\\\/darkorchid-cheetah-525435.hostingersite.com\\\/\",\"name\":\"YKM TEST\",\"description\":\"\",\"publisher\":{\"@id\":\"https:\\\/\\\/darkorchid-cheetah-525435.hostingersite.com\\\/#organization\"},\"potentialAction\":[{\"@type\":\"SearchAction\",\"target\":{\"@type\":\"EntryPoint\",\"urlTemplate\":\"https:\\\/\\\/darkorchid-cheetah-525435.hostingersite.com\\\/?s={search_term_string}\"},\"query-input\":{\"@type\":\"PropertyValueSpecification\",\"valueRequired\":true,\"valueName\":\"search_term_string\"}}],\"inLanguage\":\"fr-FR\"},{\"@type\":[\"Organization\",\"Place\"],\"@id\":\"https:\\\/\\\/darkorchid-cheetah-525435.hostingersite.com\\\/#organization\",\"name\":\"YKM TEST\",\"url\":\"https:\\\/\\\/darkorchid-cheetah-525435.hostingersite.com\\\/\",\"logo\":{\"@id\":\"https:\\\/\\\/darkorchid-cheetah-525435.hostingersite.com\\\/product\\\/magnesium-sulphate-sodium-sulphate-test-set\\\/#local-main-organization-logo\"},\"image\":{\"@id\":\"https:\\\/\\\/darkorchid-cheetah-525435.hostingersite.com\\\/product\\\/magnesium-sulphate-sodium-sulphate-test-set\\\/#local-main-organization-logo\"},\"telephone\":[],\"openingHoursSpecification\":[{\"@type\":\"OpeningHoursSpecification\",\"dayOfWeek\":[\"Monday\",\"Tuesday\",\"Wednesday\",\"Thursday\",\"Friday\",\"Saturday\",\"Sunday\"],\"opens\":\"09:00\",\"closes\":\"17:00\"}]},{\"@type\":\"ImageObject\",\"inLanguage\":\"fr-FR\",\"@id\":\"https:\\\/\\\/darkorchid-cheetah-525435.hostingersite.com\\\/product\\\/magnesium-sulphate-sodium-sulphate-test-set\\\/#local-main-organization-logo\",\"url\":\"https:\\\/\\\/ykmtest.com\\\/wp-content\\\/uploads\\\/2025\\\/10\\\/Asset-2@2x-8.png\",\"contentUrl\":\"https:\\\/\\\/ykmtest.com\\\/wp-content\\\/uploads\\\/2025\\\/10\\\/Asset-2@2x-8.png\",\"width\":1550,\"height\":323,\"caption\":\"YKM TEST\"}]}<\/script>\n<meta property=\"product:price:currency\" content=\"USD\" \/>\n<meta property=\"og:availability\" content=\"instock\" \/>\n<meta property=\"product:availability\" content=\"instock\" \/>\n<meta property=\"product:condition\" content=\"new\" \/>\n<!-- \/ Yoast SEO Premium plugin. -->","yoast_head_json":{"title":"Magnesium Sulphate \/ Sodium Sulphate Test Set - YKM TEST","description":"Magnesium Sulphate \/ Sodium Sulphate Test Set evaluates aggregate soundness and resistance to salt crystallization with durable laboratory equipment.","robots":{"index":"index","follow":"follow","max-snippet":"max-snippet:-1","max-image-preview":"max-image-preview:large","max-video-preview":"max-video-preview:-1"},"canonical":"https:\/\/darkorchid-cheetah-525435.hostingersite.com\/product\/magnesium-sulphate-sodium-sulphate-test-set\/","og_locale":"fr_FR","og_type":"article","og_title":"Magnesium Sulphate \/ Sodium Sulphate Test Set","og_description":"Magnesium Sulphate \/ Sodium Sulphate Test Set evaluates aggregate soundness and resistance to salt crystallization with durable laboratory equipment.","og_url":"https:\/\/darkorchid-cheetah-525435.hostingersite.com\/product\/magnesium-sulphate-sodium-sulphate-test-set\/","og_site_name":"YKM TEST","article_modified_time":"2025-12-23T10:31:52+00:00","twitter_card":"summary_large_image","twitter_misc":{"Prix":"","Disponibilit\u00e9":"En stock"},"schema":{"@context":"https:\/\/schema.org","@graph":[{"@type":"WebPage","@id":"https:\/\/darkorchid-cheetah-525435.hostingersite.com\/product\/magnesium-sulphate-sodium-sulphate-test-set\/","url":"https:\/\/darkorchid-cheetah-525435.hostingersite.com\/product\/magnesium-sulphate-sodium-sulphate-test-set\/","name":"Magnesium Sulphate \/ Sodium Sulphate Test Set - YKM TEST","isPartOf":{"@id":"https:\/\/darkorchid-cheetah-525435.hostingersite.com\/#website"},"datePublished":"2025-12-23T10:31:51+00:00","dateModified":"2025-12-23T10:31:52+00:00","description":"Magnesium Sulphate \/ Sodium Sulphate Test Set evaluates aggregate soundness and resistance to salt crystallization with durable laboratory equipment.","breadcrumb":{"@id":"https:\/\/darkorchid-cheetah-525435.hostingersite.com\/product\/magnesium-sulphate-sodium-sulphate-test-set\/#breadcrumb"},"inLanguage":"fr-FR","potentialAction":[{"@type":"ReadAction","target":["https:\/\/darkorchid-cheetah-525435.hostingersite.com\/product\/magnesium-sulphate-sodium-sulphate-test-set\/"]}]},{"@type":"BreadcrumbList","@id":"https:\/\/darkorchid-cheetah-525435.hostingersite.com\/product\/magnesium-sulphate-sodium-sulphate-test-set\/#breadcrumb","itemListElement":[{"@type":"ListItem","position":1,"name":"Home","item":"https:\/\/darkorchid-cheetah-525435.hostingersite.com\/"},{"@type":"ListItem","position":2,"name":"\u0422\u043e\u0432\u0430\u0440\u044b","item":"https:\/\/ykmtest.com\/ru\/shop\/"},{"@type":"ListItem","position":3,"name":"Magnesium Sulphate \/ Sodium Sulphate Test Set"}]},{"@type":"WebSite","@id":"https:\/\/darkorchid-cheetah-525435.hostingersite.com\/#website","url":"https:\/\/darkorchid-cheetah-525435.hostingersite.com\/","name":"TEST YKM","description":"","publisher":{"@id":"https:\/\/darkorchid-cheetah-525435.hostingersite.com\/#organization"},"potentialAction":[{"@type":"SearchAction","target":{"@type":"EntryPoint","urlTemplate":"https:\/\/darkorchid-cheetah-525435.hostingersite.com\/?s={search_term_string}"},"query-input":{"@type":"PropertyValueSpecification","valueRequired":true,"valueName":"search_term_string"}}],"inLanguage":"fr-FR"},{"@type":["Organization","Place"],"@id":"https:\/\/darkorchid-cheetah-525435.hostingersite.com\/#organization","name":"TEST YKM","url":"https:\/\/darkorchid-cheetah-525435.hostingersite.com\/","logo":{"@id":"https:\/\/darkorchid-cheetah-525435.hostingersite.com\/product\/magnesium-sulphate-sodium-sulphate-test-set\/#local-main-organization-logo"},"image":{"@id":"https:\/\/darkorchid-cheetah-525435.hostingersite.com\/product\/magnesium-sulphate-sodium-sulphate-test-set\/#local-main-organization-logo"},"telephone":[],"openingHoursSpecification":[{"@type":"OpeningHoursSpecification","dayOfWeek":["Monday","Tuesday","Wednesday","Thursday","Friday","Saturday","Sunday"],"opens":"09:00","closes":"17:00"}]},{"@type":"ImageObject","inLanguage":"fr-FR","@id":"https:\/\/darkorchid-cheetah-525435.hostingersite.com\/product\/magnesium-sulphate-sodium-sulphate-test-set\/#local-main-organization-logo","url":"https:\/\/ykmtest.com\/wp-content\/uploads\/2025\/10\/Asset-2@2x-8.png","contentUrl":"https:\/\/ykmtest.com\/wp-content\/uploads\/2025\/10\/Asset-2@2x-8.png","width":1550,"height":323,"caption":"YKM TEST"}]},"product_price_currency":"USD","og_availability":"instock","product_availability":"instock","product_condition":"new"},"_links":{"self":[{"href":"https:\/\/ykmtest.com\/french\/wp-json\/wp\/v2\/product\/11429","targetHints":{"allow":["GET"]}}],"collection":[{"href":"https:\/\/ykmtest.com\/french\/wp-json\/wp\/v2\/product"}],"about":[{"href":"https:\/\/ykmtest.com\/french\/wp-json\/wp\/v2\/types\/product"}],"version-history":[{"count":1,"href":"https:\/\/ykmtest.com\/french\/wp-json\/wp\/v2\/product\/11429\/revisions"}],"predecessor-version":[{"id":11431,"href":"https:\/\/ykmtest.com\/french\/wp-json\/wp\/v2\/product\/11429\/revisions\/11431"}],"wp:attachment":[{"href":"https:\/\/ykmtest.com\/french\/wp-json\/wp\/v2\/media?parent=11429"}],"wp:term":[{"taxonomy":"product_brand","embeddable":true,"href":"https:\/\/ykmtest.com\/french\/wp-json\/wp\/v2\/product_brand?post=11429"},{"taxonomy":"product_cat","embeddable":true,"href":"https:\/\/ykmtest.com\/french\/wp-json\/wp\/v2\/product_cat?post=11429"},{"taxonomy":"product_tag","embeddable":true,"href":"https:\/\/ykmtest.com\/french\/wp-json\/wp\/v2\/product_tag?post=11429"}],"curies":[{"name":"wp","href":"https:\/\/api.w.org\/{rel}","templated":true}]}}