{"id":11435,"date":"2025-12-23T11:25:40","date_gmt":"2025-12-23T11:25:40","guid":{"rendered":"https:\/\/ykmtest.com\/?post_type=product&#038;p=11435"},"modified":"2025-12-23T11:25:41","modified_gmt":"2025-12-23T11:25:41","slug":"alkali-aggregate-reaction-bath","status":"publish","type":"product","link":"https:\/\/ykmtest.com\/french\/produit\/alkali-aggregate-reaction-bath\/","title":{"rendered":"Bain de r\u00e9action alcaline avec agr\u00e9gats"},"content":{"rendered":"<p class=\"p2\"><span lang=\"TR\">Le bain de r\u00e9action alcaline des agr\u00e9gats permet de surveiller le comportement \u00e0 l'expansion en durcissant des barres de mortier standard dans des solutions hautement alcalines \u00e0 une temp\u00e9rature constante d'environ 80 \u00b0C. Cette approche est une proc\u00e9dure acc\u00e9l\u00e9r\u00e9e d\u00e9velopp\u00e9e pour d\u00e9tecter rapidement toute r\u00e9activit\u00e9 potentiellement nocive et pour mesurer les expansions internes qui affectent la durabilit\u00e9 \u00e0 long terme. Le corps isol\u00e9 \u00e0 double paroi et le r\u00e9servoir int\u00e9rieur en acier inoxydable garantissent une longue dur\u00e9e de vie ; les raccords r\u00e9sistants aux produits chimiques assurent un fonctionnement s\u00fbr avec des solutions alcalines. Les \u00e9chantillons sont positionn\u00e9s de mani\u00e8re uniforme dans la solution \u00e0 l'aide de supports de suspension ou de paniers en acier inoxydable. Cette conception garantit un contact \u00e9gal de chaque \u00e9chantillon avec la solution et des r\u00e9sultats de test reproductibles. Une minuterie num\u00e9rique et un affichage de la temp\u00e9rature permettent un contr\u00f4le automatis\u00e9 de la dur\u00e9e du test ; la temp\u00e9rature du bain est maintenue \u00e0 un niveau constant pendant toute la dur\u00e9e du test. L'appareil maintient une temp\u00e9rature stable \u00e0 environ 80 \u00b0C gr\u00e2ce \u00e0 un thermostat PID contr\u00f4l\u00e9 par microprocesseur, et une pompe de recirculation assure une distribution uniforme de la temp\u00e9rature dans tout le bain. L'affichage num\u00e9rique indique clairement la temp\u00e9rature de consigne et la temp\u00e9rature actuelle. Une coupure en cas de surchauffe, une protection contre les niveaux bas et une alimentation \u00e9lectrique \u00e0 fusible sont fournies en tant qu'\u00e9quipement de s\u00e9curit\u00e9 standard. Le r\u00e9servoir de grande capacit\u00e9 peut accueillir plusieurs \u00e9chantillons de forme prismatique ou rectangulaire en un seul cycle gr\u00e2ce \u00e0 des supports\/rack r\u00e9glables ; les supports sont fabriqu\u00e9s \u00e0 partir de mat\u00e9riaux offrant une stabilit\u00e9 dimensionnelle dans les environnements chimiques. La vanne de vidange inf\u00e9rieure permet une \u00e9vacuation rapide et un renouvellement s\u00fbr de la solution ; l'indicateur de niveau et le couvercle de remplissage \u00e0 large ouverture facilitent les op\u00e9rations d'entretien. Le corps isol\u00e9 augmente l'efficacit\u00e9 \u00e9nerg\u00e9tique tout en r\u00e9duisant la temp\u00e9rature de la surface externe. Un port d'interface externe peut \u00eatre ajout\u00e9 \u00e0 l'unit\u00e9 de contr\u00f4le pour l'enregistrement des donn\u00e9es ou le contr\u00f4le par ordinateur.<\/span><\/p>","protected":false},"excerpt":{"rendered":"<p>Le bain pour r\u00e9action alcali-agr\u00e9gat est un syst\u00e8me de bain r\u00e9sistant aux produits chimiques et \u00e0 temp\u00e9rature contr\u00f4l\u00e9e num\u00e9riquement qui fournit des conditions de temp\u00e9rature constantes et uniformes pour les \u00e9tudes sur la r\u00e9action alcali-agr\u00e9gat sur des \u00e9chantillons \u00e0 base de ciment.<\/p>","protected":false},"featured_media":0,"template":"","meta":{"_acf_changed":false},"product_brand":[],"product_cat":[135,140],"product_tag":[],"class_list":{"0":"post-11435","1":"product","2":"type-product","3":"status-publish","5":"product_cat-aggregate","6":"product_cat-chemical-properties","9":"instock","10":"shipping-taxable","11":"product-type-simple"},"acf":[],"yoast_head":"<!-- This site is optimized with the Yoast SEO Premium plugin v26.5 (Yoast SEO v27.5) - https:\/\/yoast.com\/product\/yoast-seo-premium-wordpress\/ -->\n<title>Alkali Aggregate Reaction Bath - YKM TEST<\/title>\n<meta name=\"description\" content=\"Alkali Aggregate Reaction Bath provides uniform, digitally controlled high-temperature conditions for accelerated alkali\u2013aggregate reaction testing of cement specimens.\" \/>\n<meta name=\"robots\" content=\"index, follow, max-snippet:-1, max-image-preview:large, max-video-preview:-1\" \/>\n<link rel=\"canonical\" href=\"https:\/\/ykmtest.com\/french\/produit\/alkali-aggregate-reaction-bath\/\" \/>\n<meta property=\"og:locale\" content=\"fr_FR\" \/>\n<meta property=\"og:type\" content=\"article\" \/>\n<meta property=\"og:title\" content=\"Alkali Aggregate Reaction Bath\" \/>\n<meta property=\"og:description\" content=\"Alkali Aggregate Reaction Bath provides uniform, digitally controlled high-temperature conditions for accelerated alkali\u2013aggregate reaction testing of cement specimens.\" \/>\n<meta property=\"og:url\" content=\"https:\/\/ykmtest.com\/french\/produit\/alkali-aggregate-reaction-bath\/\" \/>\n<meta property=\"og:site_name\" content=\"YKM TEST\" \/>\n<meta property=\"article:modified_time\" content=\"2025-12-23T11:25:41+00:00\" \/>\n<meta name=\"twitter:card\" content=\"summary_large_image\" \/>\n<meta name=\"twitter:label1\" content=\"Prix\" \/>\n\t<meta name=\"twitter:data1\" content=\"\" \/>\n\t<meta name=\"twitter:label2\" content=\"Disponibilit\u00e9\" \/>\n\t<meta name=\"twitter:data2\" content=\"En stock\" \/>\n<script type=\"application\/ld+json\" class=\"yoast-schema-graph\">{\"@context\":\"https:\\\/\\\/schema.org\",\"@graph\":[{\"@type\":\"WebPage\",\"@id\":\"https:\\\/\\\/ykmtest.com\\\/product\\\/alkali-aggregate-reaction-bath\\\/\",\"url\":\"https:\\\/\\\/ykmtest.com\\\/product\\\/alkali-aggregate-reaction-bath\\\/\",\"name\":\"Alkali Aggregate Reaction Bath - YKM TEST\",\"isPartOf\":{\"@id\":\"https:\\\/\\\/ykmtest.com\\\/french\\\/#website\"},\"datePublished\":\"2025-12-23T11:25:40+00:00\",\"dateModified\":\"2025-12-23T11:25:41+00:00\",\"description\":\"Alkali Aggregate Reaction Bath provides uniform, digitally controlled high-temperature conditions for accelerated alkali\u2013aggregate reaction testing of cement specimens.\",\"breadcrumb\":{\"@id\":\"https:\\\/\\\/ykmtest.com\\\/product\\\/alkali-aggregate-reaction-bath\\\/#breadcrumb\"},\"inLanguage\":\"fr-FR\",\"potentialAction\":[{\"@type\":\"ReadAction\",\"target\":[\"https:\\\/\\\/ykmtest.com\\\/product\\\/alkali-aggregate-reaction-bath\\\/\"]}]},{\"@type\":\"BreadcrumbList\",\"@id\":\"https:\\\/\\\/ykmtest.com\\\/product\\\/alkali-aggregate-reaction-bath\\\/#breadcrumb\",\"itemListElement\":[{\"@type\":\"ListItem\",\"position\":1,\"name\":\"Home\",\"item\":\"https:\\\/\\\/ykmtest.com\\\/\"},{\"@type\":\"ListItem\",\"position\":2,\"name\":\"Produits\",\"item\":\"https:\\\/\\\/ykmtest.com\\\/french\\\/shop\\\/\"},{\"@type\":\"ListItem\",\"position\":3,\"name\":\"Alkali Aggregate Reaction Bath\"}]},{\"@type\":\"WebSite\",\"@id\":\"https:\\\/\\\/ykmtest.com\\\/french\\\/#website\",\"url\":\"https:\\\/\\\/ykmtest.com\\\/french\\\/\",\"name\":\"YKM TEST\",\"description\":\"\",\"publisher\":{\"@id\":\"https:\\\/\\\/ykmtest.com\\\/french\\\/#organization\"},\"potentialAction\":[{\"@type\":\"SearchAction\",\"target\":{\"@type\":\"EntryPoint\",\"urlTemplate\":\"https:\\\/\\\/ykmtest.com\\\/french\\\/?s={search_term_string}\"},\"query-input\":{\"@type\":\"PropertyValueSpecification\",\"valueRequired\":true,\"valueName\":\"search_term_string\"}}],\"inLanguage\":\"fr-FR\"},{\"@type\":[\"Organization\",\"Place\"],\"@id\":\"https:\\\/\\\/ykmtest.com\\\/french\\\/#organization\",\"name\":\"YKM TEST\",\"url\":\"https:\\\/\\\/ykmtest.com\\\/french\\\/\",\"logo\":{\"@id\":\"https:\\\/\\\/ykmtest.com\\\/product\\\/alkali-aggregate-reaction-bath\\\/#local-main-organization-logo\"},\"image\":{\"@id\":\"https:\\\/\\\/ykmtest.com\\\/product\\\/alkali-aggregate-reaction-bath\\\/#local-main-organization-logo\"},\"telephone\":[],\"openingHoursSpecification\":[{\"@type\":\"OpeningHoursSpecification\",\"dayOfWeek\":[\"Monday\",\"Tuesday\",\"Wednesday\",\"Thursday\",\"Friday\",\"Saturday\",\"Sunday\"],\"opens\":\"09:00\",\"closes\":\"17:00\"}]},{\"@type\":\"ImageObject\",\"inLanguage\":\"fr-FR\",\"@id\":\"https:\\\/\\\/ykmtest.com\\\/product\\\/alkali-aggregate-reaction-bath\\\/#local-main-organization-logo\",\"url\":\"https:\\\/\\\/ykmtest.com\\\/wp-content\\\/uploads\\\/2025\\\/10\\\/Asset-2@2x-8.png\",\"contentUrl\":\"https:\\\/\\\/ykmtest.com\\\/wp-content\\\/uploads\\\/2025\\\/10\\\/Asset-2@2x-8.png\",\"width\":1550,\"height\":323,\"caption\":\"YKM TEST\"}]}<\/script>\n<meta property=\"product:price:currency\" content=\"USD\" \/>\n<meta property=\"og:availability\" content=\"instock\" \/>\n<meta property=\"product:availability\" content=\"instock\" \/>\n<meta property=\"product:condition\" content=\"new\" \/>\n<!-- \/ Yoast SEO Premium plugin. -->","yoast_head_json":{"title":"Alkali Aggregate Reaction Bath - YKM TEST","description":"Alkali Aggregate Reaction Bath provides uniform, digitally controlled high-temperature conditions for accelerated alkali\u2013aggregate reaction testing of cement specimens.","robots":{"index":"index","follow":"follow","max-snippet":"max-snippet:-1","max-image-preview":"max-image-preview:large","max-video-preview":"max-video-preview:-1"},"canonical":"https:\/\/ykmtest.com\/french\/produit\/alkali-aggregate-reaction-bath\/","og_locale":"fr_FR","og_type":"article","og_title":"Alkali Aggregate Reaction Bath","og_description":"Alkali Aggregate Reaction Bath provides uniform, digitally controlled high-temperature conditions for accelerated alkali\u2013aggregate reaction testing of cement specimens.","og_url":"https:\/\/ykmtest.com\/french\/produit\/alkali-aggregate-reaction-bath\/","og_site_name":"YKM TEST","article_modified_time":"2025-12-23T11:25:41+00:00","twitter_card":"summary_large_image","twitter_misc":{"Prix":"","Disponibilit\u00e9":"En stock"},"schema":{"@context":"https:\/\/schema.org","@graph":[{"@type":"WebPage","@id":"https:\/\/ykmtest.com\/product\/alkali-aggregate-reaction-bath\/","url":"https:\/\/ykmtest.com\/product\/alkali-aggregate-reaction-bath\/","name":"Alkali Aggregate Reaction Bath - YKM TEST","isPartOf":{"@id":"https:\/\/ykmtest.com\/french\/#website"},"datePublished":"2025-12-23T11:25:40+00:00","dateModified":"2025-12-23T11:25:41+00:00","description":"Alkali Aggregate Reaction Bath provides uniform, digitally controlled high-temperature conditions for accelerated alkali\u2013aggregate reaction testing of cement specimens.","breadcrumb":{"@id":"https:\/\/ykmtest.com\/product\/alkali-aggregate-reaction-bath\/#breadcrumb"},"inLanguage":"fr-FR","potentialAction":[{"@type":"ReadAction","target":["https:\/\/ykmtest.com\/product\/alkali-aggregate-reaction-bath\/"]}]},{"@type":"BreadcrumbList","@id":"https:\/\/ykmtest.com\/product\/alkali-aggregate-reaction-bath\/#breadcrumb","itemListElement":[{"@type":"ListItem","position":1,"name":"Home","item":"https:\/\/ykmtest.com\/"},{"@type":"ListItem","position":2,"name":"Produits","item":"https:\/\/ykmtest.com\/french\/shop\/"},{"@type":"ListItem","position":3,"name":"Alkali Aggregate Reaction Bath"}]},{"@type":"WebSite","@id":"https:\/\/ykmtest.com\/french\/#website","url":"https:\/\/ykmtest.com\/french\/","name":"TEST YKM","description":"","publisher":{"@id":"https:\/\/ykmtest.com\/french\/#organization"},"potentialAction":[{"@type":"SearchAction","target":{"@type":"EntryPoint","urlTemplate":"https:\/\/ykmtest.com\/french\/?s={search_term_string}"},"query-input":{"@type":"PropertyValueSpecification","valueRequired":true,"valueName":"search_term_string"}}],"inLanguage":"fr-FR"},{"@type":["Organization","Place"],"@id":"https:\/\/ykmtest.com\/french\/#organization","name":"TEST YKM","url":"https:\/\/ykmtest.com\/french\/","logo":{"@id":"https:\/\/ykmtest.com\/product\/alkali-aggregate-reaction-bath\/#local-main-organization-logo"},"image":{"@id":"https:\/\/ykmtest.com\/product\/alkali-aggregate-reaction-bath\/#local-main-organization-logo"},"telephone":[],"openingHoursSpecification":[{"@type":"OpeningHoursSpecification","dayOfWeek":["Monday","Tuesday","Wednesday","Thursday","Friday","Saturday","Sunday"],"opens":"09:00","closes":"17:00"}]},{"@type":"ImageObject","inLanguage":"fr-FR","@id":"https:\/\/ykmtest.com\/product\/alkali-aggregate-reaction-bath\/#local-main-organization-logo","url":"https:\/\/ykmtest.com\/wp-content\/uploads\/2025\/10\/Asset-2@2x-8.png","contentUrl":"https:\/\/ykmtest.com\/wp-content\/uploads\/2025\/10\/Asset-2@2x-8.png","width":1550,"height":323,"caption":"YKM TEST"}]},"product_price_currency":"USD","og_availability":"instock","product_availability":"instock","product_condition":"new"},"_links":{"self":[{"href":"https:\/\/ykmtest.com\/french\/wp-json\/wp\/v2\/product\/11435","targetHints":{"allow":["GET"]}}],"collection":[{"href":"https:\/\/ykmtest.com\/french\/wp-json\/wp\/v2\/product"}],"about":[{"href":"https:\/\/ykmtest.com\/french\/wp-json\/wp\/v2\/types\/product"}],"version-history":[{"count":1,"href":"https:\/\/ykmtest.com\/french\/wp-json\/wp\/v2\/product\/11435\/revisions"}],"predecessor-version":[{"id":11436,"href":"https:\/\/ykmtest.com\/french\/wp-json\/wp\/v2\/product\/11435\/revisions\/11436"}],"wp:attachment":[{"href":"https:\/\/ykmtest.com\/french\/wp-json\/wp\/v2\/media?parent=11435"}],"wp:term":[{"taxonomy":"product_brand","embeddable":true,"href":"https:\/\/ykmtest.com\/french\/wp-json\/wp\/v2\/product_brand?post=11435"},{"taxonomy":"product_cat","embeddable":true,"href":"https:\/\/ykmtest.com\/french\/wp-json\/wp\/v2\/product_cat?post=11435"},{"taxonomy":"product_tag","embeddable":true,"href":"https:\/\/ykmtest.com\/french\/wp-json\/wp\/v2\/product_tag?post=11435"}],"curies":[{"name":"wp","href":"https:\/\/api.w.org\/{rel}","templated":true}]}}