{"id":11465,"date":"2025-12-24T08:39:27","date_gmt":"2025-12-24T08:39:27","guid":{"rendered":"https:\/\/ykmtest.com\/?post_type=product&#038;p=11465"},"modified":"2025-12-24T08:39:28","modified_gmt":"2025-12-24T08:39:28","slug":"capping-retainers","status":"publish","type":"product","link":"https:\/\/ykmtest.com\/french\/produit\/capping-retainers\/","title":{"rendered":"Dispositifs de retenue de capuchon"},"content":{"rendered":"<p>Les plaques de compression en n\u00e9opr\u00e8ne sont des plaques en n\u00e9opr\u00e8ne et des supports en acier usin\u00e9s avec pr\u00e9cision utilis\u00e9s pour pr\u00e9parer les faces d'extr\u00e9mit\u00e9 des \u00e9chantillons cylindriques conform\u00e9ment aux normes et pour assurer un transfert de charge axial fid\u00e8le pendant les essais de compression. Les tampons en n\u00e9opr\u00e8ne \u00e9lastom\u00e8re sont confin\u00e9s en toute s\u00e9curit\u00e9, ce qui homog\u00e9n\u00e9ise la r\u00e9partition de la charge et permet d'obtenir des r\u00e9sultats reproductibles jusqu'\u00e0 la rupture. Le corps est fabriqu\u00e9 en acier \u00e0 haute r\u00e9sistance ; des surfaces lisses rectifi\u00e9es et un rev\u00eatement r\u00e9sistant \u00e0 la corrosion maintiennent la stabilit\u00e9 dimensionnelle en cas d'utilisation intensive en laboratoire. Les plaques et les tampons sont dimensionn\u00e9s pour correspondre aux dimensions courantes des cylindres. Avec une duret\u00e9 de 60 Shore, la tol\u00e9rance \u00e0 la compression offre des conditions de contact correctes pour les b\u00e9tons \u00e0 faible et \u00e0 forte r\u00e9sistance. L'ergonomie et la facilit\u00e9 d'entretien sont des priorit\u00e9s. L'entr\u00e9e chanfrein\u00e9e et conique assure une assise sans glissement du tampon dans son logement ; les chanfreins et arrondis des bords ext\u00e9rieurs \u00e9vitent les dommages lors de l'assemblage. Les tampons en n\u00e9opr\u00e8ne sont compatibles avec les plateaux \u00e0 assise sph\u00e9rique et les cadres d'essai \u00e0 commande automatique, ce qui r\u00e9duit les erreurs de contact lorsque le taux de chargement est stabilis\u00e9.<\/p>","protected":false},"excerpt":{"rendered":"<p>Les plaques et coussinets de compression en n\u00e9opr\u00e8ne sont des composants con\u00e7us avec pr\u00e9cision pour assurer un transfert de charge axial pr\u00e9cis, r\u00e9p\u00e9table et conforme aux normes pour les \u00e9chantillons cylindriques lors des essais de compression. Ils associent des coussinets en \u00e9lastom\u00e8re n\u00e9opr\u00e8ne \u00e0 des supports en acier haute r\u00e9sistance pour des performances fiables et une manipulation ais\u00e9e.<\/p>","protected":false},"featured_media":0,"template":"","meta":{"_acf_changed":false},"product_brand":[],"product_cat":[142,143],"product_tag":[],"class_list":{"0":"post-11465","1":"product","2":"type-product","3":"status-publish","5":"product_cat-concrete","6":"product_cat-concrete-compression-machines","9":"instock","10":"shipping-taxable","11":"product-type-simple"},"acf":[],"yoast_head":"<!-- This site is optimized with the Yoast SEO Premium plugin v26.5 (Yoast SEO v27.5) - https:\/\/yoast.com\/product\/yoast-seo-premium-wordpress\/ -->\n<title>Capping Retainers - YKM TEST<\/title>\n<meta name=\"description\" content=\"Neoprene Compression Pads and Plates ensure uniform load transfer and standards-compliant compression testing of concrete cylinders.\" \/>\n<meta name=\"robots\" content=\"index, follow, max-snippet:-1, max-image-preview:large, max-video-preview:-1\" \/>\n<link rel=\"canonical\" href=\"https:\/\/darkorchid-cheetah-525435.hostingersite.com\/product\/capping-retainers\/\" \/>\n<meta property=\"og:locale\" content=\"fr_FR\" \/>\n<meta property=\"og:type\" content=\"article\" \/>\n<meta property=\"og:title\" content=\"Capping Retainers\" \/>\n<meta property=\"og:description\" content=\"Neoprene Compression Pads and Plates ensure uniform load transfer and standards-compliant compression testing of concrete cylinders.\" \/>\n<meta property=\"og:url\" content=\"https:\/\/darkorchid-cheetah-525435.hostingersite.com\/product\/capping-retainers\/\" \/>\n<meta property=\"og:site_name\" content=\"YKM TEST\" \/>\n<meta property=\"article:modified_time\" content=\"2025-12-24T08:39:28+00:00\" \/>\n<meta name=\"twitter:card\" content=\"summary_large_image\" \/>\n<meta name=\"twitter:label1\" content=\"Prix\" \/>\n\t<meta name=\"twitter:data1\" content=\"\" \/>\n\t<meta name=\"twitter:label2\" content=\"Disponibilit\u00e9\" \/>\n\t<meta name=\"twitter:data2\" content=\"En stock\" \/>\n<script type=\"application\/ld+json\" class=\"yoast-schema-graph\">{\"@context\":\"https:\\\/\\\/schema.org\",\"@graph\":[{\"@type\":\"WebPage\",\"@id\":\"https:\\\/\\\/darkorchid-cheetah-525435.hostingersite.com\\\/product\\\/capping-retainers\\\/\",\"url\":\"https:\\\/\\\/darkorchid-cheetah-525435.hostingersite.com\\\/product\\\/capping-retainers\\\/\",\"name\":\"Capping Retainers - YKM TEST\",\"isPartOf\":{\"@id\":\"https:\\\/\\\/darkorchid-cheetah-525435.hostingersite.com\\\/#website\"},\"datePublished\":\"2025-12-24T08:39:27+00:00\",\"dateModified\":\"2025-12-24T08:39:28+00:00\",\"description\":\"Neoprene Compression Pads and Plates ensure uniform load transfer and standards-compliant compression testing of concrete cylinders.\",\"breadcrumb\":{\"@id\":\"https:\\\/\\\/darkorchid-cheetah-525435.hostingersite.com\\\/product\\\/capping-retainers\\\/#breadcrumb\"},\"inLanguage\":\"fr-FR\",\"potentialAction\":[{\"@type\":\"ReadAction\",\"target\":[\"https:\\\/\\\/darkorchid-cheetah-525435.hostingersite.com\\\/product\\\/capping-retainers\\\/\"]}]},{\"@type\":\"BreadcrumbList\",\"@id\":\"https:\\\/\\\/darkorchid-cheetah-525435.hostingersite.com\\\/product\\\/capping-retainers\\\/#breadcrumb\",\"itemListElement\":[{\"@type\":\"ListItem\",\"position\":1,\"name\":\"Home\",\"item\":\"https:\\\/\\\/darkorchid-cheetah-525435.hostingersite.com\\\/\"},{\"@type\":\"ListItem\",\"position\":2,\"name\":\"\u0422\u043e\u0432\u0430\u0440\u044b\",\"item\":\"https:\\\/\\\/ykmtest.com\\\/ru\\\/shop\\\/\"},{\"@type\":\"ListItem\",\"position\":3,\"name\":\"Capping Retainers\"}]},{\"@type\":\"WebSite\",\"@id\":\"https:\\\/\\\/darkorchid-cheetah-525435.hostingersite.com\\\/#website\",\"url\":\"https:\\\/\\\/darkorchid-cheetah-525435.hostingersite.com\\\/\",\"name\":\"YKM TEST\",\"description\":\"\",\"publisher\":{\"@id\":\"https:\\\/\\\/darkorchid-cheetah-525435.hostingersite.com\\\/#organization\"},\"potentialAction\":[{\"@type\":\"SearchAction\",\"target\":{\"@type\":\"EntryPoint\",\"urlTemplate\":\"https:\\\/\\\/darkorchid-cheetah-525435.hostingersite.com\\\/?s={search_term_string}\"},\"query-input\":{\"@type\":\"PropertyValueSpecification\",\"valueRequired\":true,\"valueName\":\"search_term_string\"}}],\"inLanguage\":\"fr-FR\"},{\"@type\":[\"Organization\",\"Place\"],\"@id\":\"https:\\\/\\\/darkorchid-cheetah-525435.hostingersite.com\\\/#organization\",\"name\":\"YKM TEST\",\"url\":\"https:\\\/\\\/darkorchid-cheetah-525435.hostingersite.com\\\/\",\"logo\":{\"@id\":\"https:\\\/\\\/darkorchid-cheetah-525435.hostingersite.com\\\/product\\\/capping-retainers\\\/#local-main-organization-logo\"},\"image\":{\"@id\":\"https:\\\/\\\/darkorchid-cheetah-525435.hostingersite.com\\\/product\\\/capping-retainers\\\/#local-main-organization-logo\"},\"telephone\":[],\"openingHoursSpecification\":[{\"@type\":\"OpeningHoursSpecification\",\"dayOfWeek\":[\"Monday\",\"Tuesday\",\"Wednesday\",\"Thursday\",\"Friday\",\"Saturday\",\"Sunday\"],\"opens\":\"09:00\",\"closes\":\"17:00\"}]},{\"@type\":\"ImageObject\",\"inLanguage\":\"fr-FR\",\"@id\":\"https:\\\/\\\/darkorchid-cheetah-525435.hostingersite.com\\\/product\\\/capping-retainers\\\/#local-main-organization-logo\",\"url\":\"https:\\\/\\\/ykmtest.com\\\/wp-content\\\/uploads\\\/2025\\\/10\\\/Asset-2@2x-8.png\",\"contentUrl\":\"https:\\\/\\\/ykmtest.com\\\/wp-content\\\/uploads\\\/2025\\\/10\\\/Asset-2@2x-8.png\",\"width\":1550,\"height\":323,\"caption\":\"YKM TEST\"}]}<\/script>\n<meta property=\"product:price:currency\" content=\"USD\" \/>\n<meta property=\"og:availability\" content=\"instock\" \/>\n<meta property=\"product:availability\" content=\"instock\" \/>\n<meta property=\"product:condition\" content=\"new\" \/>\n<!-- \/ Yoast SEO Premium plugin. -->","yoast_head_json":{"title":"Capping Retainers - YKM TEST","description":"Neoprene Compression Pads and Plates ensure uniform load transfer and standards-compliant compression testing of concrete cylinders.","robots":{"index":"index","follow":"follow","max-snippet":"max-snippet:-1","max-image-preview":"max-image-preview:large","max-video-preview":"max-video-preview:-1"},"canonical":"https:\/\/darkorchid-cheetah-525435.hostingersite.com\/product\/capping-retainers\/","og_locale":"fr_FR","og_type":"article","og_title":"Capping Retainers","og_description":"Neoprene Compression Pads and Plates ensure uniform load transfer and standards-compliant compression testing of concrete cylinders.","og_url":"https:\/\/darkorchid-cheetah-525435.hostingersite.com\/product\/capping-retainers\/","og_site_name":"YKM TEST","article_modified_time":"2025-12-24T08:39:28+00:00","twitter_card":"summary_large_image","twitter_misc":{"Prix":"","Disponibilit\u00e9":"En stock"},"schema":{"@context":"https:\/\/schema.org","@graph":[{"@type":"WebPage","@id":"https:\/\/darkorchid-cheetah-525435.hostingersite.com\/product\/capping-retainers\/","url":"https:\/\/darkorchid-cheetah-525435.hostingersite.com\/product\/capping-retainers\/","name":"Capping Retainers - YKM TEST","isPartOf":{"@id":"https:\/\/darkorchid-cheetah-525435.hostingersite.com\/#website"},"datePublished":"2025-12-24T08:39:27+00:00","dateModified":"2025-12-24T08:39:28+00:00","description":"Neoprene Compression Pads and Plates ensure uniform load transfer and standards-compliant compression testing of concrete cylinders.","breadcrumb":{"@id":"https:\/\/darkorchid-cheetah-525435.hostingersite.com\/product\/capping-retainers\/#breadcrumb"},"inLanguage":"fr-FR","potentialAction":[{"@type":"ReadAction","target":["https:\/\/darkorchid-cheetah-525435.hostingersite.com\/product\/capping-retainers\/"]}]},{"@type":"BreadcrumbList","@id":"https:\/\/darkorchid-cheetah-525435.hostingersite.com\/product\/capping-retainers\/#breadcrumb","itemListElement":[{"@type":"ListItem","position":1,"name":"Home","item":"https:\/\/darkorchid-cheetah-525435.hostingersite.com\/"},{"@type":"ListItem","position":2,"name":"\u0422\u043e\u0432\u0430\u0440\u044b","item":"https:\/\/ykmtest.com\/ru\/shop\/"},{"@type":"ListItem","position":3,"name":"Capping Retainers"}]},{"@type":"WebSite","@id":"https:\/\/darkorchid-cheetah-525435.hostingersite.com\/#website","url":"https:\/\/darkorchid-cheetah-525435.hostingersite.com\/","name":"TEST YKM","description":"","publisher":{"@id":"https:\/\/darkorchid-cheetah-525435.hostingersite.com\/#organization"},"potentialAction":[{"@type":"SearchAction","target":{"@type":"EntryPoint","urlTemplate":"https:\/\/darkorchid-cheetah-525435.hostingersite.com\/?s={search_term_string}"},"query-input":{"@type":"PropertyValueSpecification","valueRequired":true,"valueName":"search_term_string"}}],"inLanguage":"fr-FR"},{"@type":["Organization","Place"],"@id":"https:\/\/darkorchid-cheetah-525435.hostingersite.com\/#organization","name":"TEST YKM","url":"https:\/\/darkorchid-cheetah-525435.hostingersite.com\/","logo":{"@id":"https:\/\/darkorchid-cheetah-525435.hostingersite.com\/product\/capping-retainers\/#local-main-organization-logo"},"image":{"@id":"https:\/\/darkorchid-cheetah-525435.hostingersite.com\/product\/capping-retainers\/#local-main-organization-logo"},"telephone":[],"openingHoursSpecification":[{"@type":"OpeningHoursSpecification","dayOfWeek":["Monday","Tuesday","Wednesday","Thursday","Friday","Saturday","Sunday"],"opens":"09:00","closes":"17:00"}]},{"@type":"ImageObject","inLanguage":"fr-FR","@id":"https:\/\/darkorchid-cheetah-525435.hostingersite.com\/product\/capping-retainers\/#local-main-organization-logo","url":"https:\/\/ykmtest.com\/wp-content\/uploads\/2025\/10\/Asset-2@2x-8.png","contentUrl":"https:\/\/ykmtest.com\/wp-content\/uploads\/2025\/10\/Asset-2@2x-8.png","width":1550,"height":323,"caption":"YKM TEST"}]},"product_price_currency":"USD","og_availability":"instock","product_availability":"instock","product_condition":"new"},"_links":{"self":[{"href":"https:\/\/ykmtest.com\/french\/wp-json\/wp\/v2\/product\/11465","targetHints":{"allow":["GET"]}}],"collection":[{"href":"https:\/\/ykmtest.com\/french\/wp-json\/wp\/v2\/product"}],"about":[{"href":"https:\/\/ykmtest.com\/french\/wp-json\/wp\/v2\/types\/product"}],"version-history":[{"count":1,"href":"https:\/\/ykmtest.com\/french\/wp-json\/wp\/v2\/product\/11465\/revisions"}],"predecessor-version":[{"id":11466,"href":"https:\/\/ykmtest.com\/french\/wp-json\/wp\/v2\/product\/11465\/revisions\/11466"}],"wp:attachment":[{"href":"https:\/\/ykmtest.com\/french\/wp-json\/wp\/v2\/media?parent=11465"}],"wp:term":[{"taxonomy":"product_brand","embeddable":true,"href":"https:\/\/ykmtest.com\/french\/wp-json\/wp\/v2\/product_brand?post=11465"},{"taxonomy":"product_cat","embeddable":true,"href":"https:\/\/ykmtest.com\/french\/wp-json\/wp\/v2\/product_cat?post=11465"},{"taxonomy":"product_tag","embeddable":true,"href":"https:\/\/ykmtest.com\/french\/wp-json\/wp\/v2\/product_tag?post=11465"}],"curies":[{"name":"wp","href":"https:\/\/api.w.org\/{rel}","templated":true}]}}