{"id":11498,"date":"2025-12-25T11:10:42","date_gmt":"2025-12-25T11:10:42","guid":{"rendered":"https:\/\/ykmtest.com\/?post_type=product&#038;p=11498"},"modified":"2025-12-25T11:10:43","modified_gmt":"2025-12-25T11:10:43","slug":"l-shape-box-apparatus","status":"publish","type":"product","link":"https:\/\/ykmtest.com\/french\/produit\/l-shape-box-apparatus\/","title":{"rendered":"Appareil \u00e0 bo\u00eete en forme de L"},"content":{"rendered":"<p class=\"p2\"><span lang=\"TR\">L'appareil de bo\u00eete en forme de L est un dispositif d'essai rigide con\u00e7u pour \u00e9valuer le comportement d'\u00e9coulement du b\u00e9ton autopla\u00e7ant (BAP) \u00e0 travers des ouvertures \u00e9troites et des obstacles en forme d'armature dans des conditions conformes aux normes. La chambre en forme de L, \u00e9tanche et monobloc, se compose d'une colonne verticale, d'une porte coulissante \u00e0 ouverture rapide et de barres d'acier lisses plac\u00e9es le long de la section horizontale. L'appareil est fabriqu\u00e9 en acier inoxydable \u00e0 haute r\u00e9sistance, ce qui garantit l'absence de d\u00e9formation ou d'usure de la surface pendant les essais. Il se compose de deux compartiments : une chambre verticale o\u00f9 le b\u00e9ton est mis en place et un canal horizontal o\u00f9 l'\u00e9coulement se produit. Ces deux compartiments sont s\u00e9par\u00e9s par une rang\u00e9e de barres verticales \u00e0 la base. Les barres sont en acier de 16 mm de diam\u00e8tre et sont espac\u00e9es de 41 \u00b1 1 mm. Cette disposition simule la capacit\u00e9 du b\u00e9ton \u00e0 s'\u00e9couler \u00e0 travers les armatures. Pendant l'essai, le b\u00e9ton est coul\u00e9 dans la section verticale de la bo\u00eete en forme de L et nivel\u00e9. Lorsque la porte est ouverte, le b\u00e9ton s'\u00e9coule dans la section horizontale sous l'effet de son propre poids. Lorsque le bord d'attaque du b\u00e9ton s'arr\u00eate, la hauteur du b\u00e9ton \u00e0 l'entr\u00e9e et \u00e0 la sortie de la section horizontale est mesur\u00e9e. Le rapport entre ces deux hauteurs est d\u00e9fini comme la valeur L-h (H\u2082\/H\u2081) du b\u00e9ton. Ce rapport indique la capacit\u00e9 de passage du b\u00e9ton.<\/span><\/p>","protected":false},"excerpt":{"rendered":"<p class=\"p1\"><span lang=\"TR\">Le L Shape Box Apparatus est un dispositif d'essai de pr\u00e9cision con\u00e7u pour \u00e9valuer la capacit\u00e9 de passage et le comportement d'\u00e9coulement du b\u00e9ton autopla\u00e7ant (SCC) \u00e0 travers des ouvertures \u00e9troites et des obstacles en forme d'armature dans des conditions normalis\u00e9es.<\/span><\/p>","protected":false},"featured_media":0,"template":"","meta":{"_acf_changed":false},"product_brand":[],"product_cat":[142,146],"product_tag":[],"class_list":{"0":"post-11498","1":"product","2":"type-product","3":"status-publish","5":"product_cat-concrete","6":"product_cat-scc-testing-equipments","9":"instock","10":"shipping-taxable","11":"product-type-simple"},"acf":[],"yoast_head":"<!-- This site is optimized with the Yoast SEO Premium plugin v26.5 (Yoast SEO v27.5) - https:\/\/yoast.com\/product\/yoast-seo-premium-wordpress\/ -->\n<title>L Shape Box Apparatus - YKM TEST<\/title>\n<meta name=\"description\" content=\"L Shape Box Apparatus for SCC testing. Stainless-steel L-box used to evaluate passing ability and flow behavior of self-compacting concrete through reinforcement obstacles.\" \/>\n<meta name=\"robots\" content=\"index, follow, max-snippet:-1, max-image-preview:large, max-video-preview:-1\" \/>\n<link rel=\"canonical\" href=\"https:\/\/darkorchid-cheetah-525435.hostingersite.com\/product\/l-shape-box-apparatus\/\" \/>\n<meta property=\"og:locale\" content=\"fr_FR\" \/>\n<meta property=\"og:type\" content=\"article\" \/>\n<meta property=\"og:title\" content=\"L Shape Box Apparatus\" \/>\n<meta property=\"og:description\" content=\"L Shape Box Apparatus for SCC testing. Stainless-steel L-box used to evaluate passing ability and flow behavior of self-compacting concrete through reinforcement obstacles.\" \/>\n<meta property=\"og:url\" content=\"https:\/\/darkorchid-cheetah-525435.hostingersite.com\/product\/l-shape-box-apparatus\/\" \/>\n<meta property=\"og:site_name\" content=\"YKM TEST\" \/>\n<meta property=\"article:modified_time\" content=\"2025-12-25T11:10:43+00:00\" \/>\n<meta name=\"twitter:card\" content=\"summary_large_image\" \/>\n<meta name=\"twitter:label1\" content=\"Prix\" \/>\n\t<meta name=\"twitter:data1\" content=\"\" \/>\n\t<meta name=\"twitter:label2\" content=\"Disponibilit\u00e9\" \/>\n\t<meta name=\"twitter:data2\" content=\"En stock\" \/>\n<script type=\"application\/ld+json\" class=\"yoast-schema-graph\">{\"@context\":\"https:\\\/\\\/schema.org\",\"@graph\":[{\"@type\":\"WebPage\",\"@id\":\"https:\\\/\\\/darkorchid-cheetah-525435.hostingersite.com\\\/product\\\/l-shape-box-apparatus\\\/\",\"url\":\"https:\\\/\\\/darkorchid-cheetah-525435.hostingersite.com\\\/product\\\/l-shape-box-apparatus\\\/\",\"name\":\"L Shape Box Apparatus - YKM TEST\",\"isPartOf\":{\"@id\":\"https:\\\/\\\/darkorchid-cheetah-525435.hostingersite.com\\\/#website\"},\"datePublished\":\"2025-12-25T11:10:42+00:00\",\"dateModified\":\"2025-12-25T11:10:43+00:00\",\"description\":\"L Shape Box Apparatus for SCC testing. Stainless-steel L-box used to evaluate passing ability and flow behavior of self-compacting concrete through reinforcement obstacles.\",\"breadcrumb\":{\"@id\":\"https:\\\/\\\/darkorchid-cheetah-525435.hostingersite.com\\\/product\\\/l-shape-box-apparatus\\\/#breadcrumb\"},\"inLanguage\":\"fr-FR\",\"potentialAction\":[{\"@type\":\"ReadAction\",\"target\":[\"https:\\\/\\\/darkorchid-cheetah-525435.hostingersite.com\\\/product\\\/l-shape-box-apparatus\\\/\"]}]},{\"@type\":\"BreadcrumbList\",\"@id\":\"https:\\\/\\\/darkorchid-cheetah-525435.hostingersite.com\\\/product\\\/l-shape-box-apparatus\\\/#breadcrumb\",\"itemListElement\":[{\"@type\":\"ListItem\",\"position\":1,\"name\":\"Home\",\"item\":\"https:\\\/\\\/darkorchid-cheetah-525435.hostingersite.com\\\/\"},{\"@type\":\"ListItem\",\"position\":2,\"name\":\"\u0422\u043e\u0432\u0430\u0440\u044b\",\"item\":\"https:\\\/\\\/ykmtest.com\\\/ru\\\/shop\\\/\"},{\"@type\":\"ListItem\",\"position\":3,\"name\":\"L Shape Box Apparatus\"}]},{\"@type\":\"WebSite\",\"@id\":\"https:\\\/\\\/darkorchid-cheetah-525435.hostingersite.com\\\/#website\",\"url\":\"https:\\\/\\\/darkorchid-cheetah-525435.hostingersite.com\\\/\",\"name\":\"YKM TEST\",\"description\":\"\",\"publisher\":{\"@id\":\"https:\\\/\\\/darkorchid-cheetah-525435.hostingersite.com\\\/#organization\"},\"potentialAction\":[{\"@type\":\"SearchAction\",\"target\":{\"@type\":\"EntryPoint\",\"urlTemplate\":\"https:\\\/\\\/darkorchid-cheetah-525435.hostingersite.com\\\/?s={search_term_string}\"},\"query-input\":{\"@type\":\"PropertyValueSpecification\",\"valueRequired\":true,\"valueName\":\"search_term_string\"}}],\"inLanguage\":\"fr-FR\"},{\"@type\":[\"Organization\",\"Place\"],\"@id\":\"https:\\\/\\\/darkorchid-cheetah-525435.hostingersite.com\\\/#organization\",\"name\":\"YKM TEST\",\"url\":\"https:\\\/\\\/darkorchid-cheetah-525435.hostingersite.com\\\/\",\"logo\":{\"@id\":\"https:\\\/\\\/darkorchid-cheetah-525435.hostingersite.com\\\/product\\\/l-shape-box-apparatus\\\/#local-main-organization-logo\"},\"image\":{\"@id\":\"https:\\\/\\\/darkorchid-cheetah-525435.hostingersite.com\\\/product\\\/l-shape-box-apparatus\\\/#local-main-organization-logo\"},\"telephone\":[],\"openingHoursSpecification\":[{\"@type\":\"OpeningHoursSpecification\",\"dayOfWeek\":[\"Monday\",\"Tuesday\",\"Wednesday\",\"Thursday\",\"Friday\",\"Saturday\",\"Sunday\"],\"opens\":\"09:00\",\"closes\":\"17:00\"}]},{\"@type\":\"ImageObject\",\"inLanguage\":\"fr-FR\",\"@id\":\"https:\\\/\\\/darkorchid-cheetah-525435.hostingersite.com\\\/product\\\/l-shape-box-apparatus\\\/#local-main-organization-logo\",\"url\":\"https:\\\/\\\/ykmtest.com\\\/wp-content\\\/uploads\\\/2025\\\/10\\\/Asset-2@2x-8.png\",\"contentUrl\":\"https:\\\/\\\/ykmtest.com\\\/wp-content\\\/uploads\\\/2025\\\/10\\\/Asset-2@2x-8.png\",\"width\":1550,\"height\":323,\"caption\":\"YKM TEST\"}]}<\/script>\n<meta property=\"product:price:currency\" content=\"USD\" \/>\n<meta property=\"og:availability\" content=\"instock\" \/>\n<meta property=\"product:availability\" content=\"instock\" \/>\n<meta property=\"product:condition\" content=\"new\" \/>\n<!-- \/ Yoast SEO Premium plugin. -->","yoast_head_json":{"title":"L Shape Box Apparatus - YKM TEST","description":"L Shape Box Apparatus for SCC testing. Stainless-steel L-box used to evaluate passing ability and flow behavior of self-compacting concrete through reinforcement obstacles.","robots":{"index":"index","follow":"follow","max-snippet":"max-snippet:-1","max-image-preview":"max-image-preview:large","max-video-preview":"max-video-preview:-1"},"canonical":"https:\/\/darkorchid-cheetah-525435.hostingersite.com\/product\/l-shape-box-apparatus\/","og_locale":"fr_FR","og_type":"article","og_title":"L Shape Box Apparatus","og_description":"L Shape Box Apparatus for SCC testing. Stainless-steel L-box used to evaluate passing ability and flow behavior of self-compacting concrete through reinforcement obstacles.","og_url":"https:\/\/darkorchid-cheetah-525435.hostingersite.com\/product\/l-shape-box-apparatus\/","og_site_name":"YKM TEST","article_modified_time":"2025-12-25T11:10:43+00:00","twitter_card":"summary_large_image","twitter_misc":{"Prix":"","Disponibilit\u00e9":"En stock"},"schema":{"@context":"https:\/\/schema.org","@graph":[{"@type":"WebPage","@id":"https:\/\/darkorchid-cheetah-525435.hostingersite.com\/product\/l-shape-box-apparatus\/","url":"https:\/\/darkorchid-cheetah-525435.hostingersite.com\/product\/l-shape-box-apparatus\/","name":"L Shape Box Apparatus - YKM TEST","isPartOf":{"@id":"https:\/\/darkorchid-cheetah-525435.hostingersite.com\/#website"},"datePublished":"2025-12-25T11:10:42+00:00","dateModified":"2025-12-25T11:10:43+00:00","description":"L Shape Box Apparatus for SCC testing. Stainless-steel L-box used to evaluate passing ability and flow behavior of self-compacting concrete through reinforcement obstacles.","breadcrumb":{"@id":"https:\/\/darkorchid-cheetah-525435.hostingersite.com\/product\/l-shape-box-apparatus\/#breadcrumb"},"inLanguage":"fr-FR","potentialAction":[{"@type":"ReadAction","target":["https:\/\/darkorchid-cheetah-525435.hostingersite.com\/product\/l-shape-box-apparatus\/"]}]},{"@type":"BreadcrumbList","@id":"https:\/\/darkorchid-cheetah-525435.hostingersite.com\/product\/l-shape-box-apparatus\/#breadcrumb","itemListElement":[{"@type":"ListItem","position":1,"name":"Home","item":"https:\/\/darkorchid-cheetah-525435.hostingersite.com\/"},{"@type":"ListItem","position":2,"name":"\u0422\u043e\u0432\u0430\u0440\u044b","item":"https:\/\/ykmtest.com\/ru\/shop\/"},{"@type":"ListItem","position":3,"name":"L Shape Box Apparatus"}]},{"@type":"WebSite","@id":"https:\/\/darkorchid-cheetah-525435.hostingersite.com\/#website","url":"https:\/\/darkorchid-cheetah-525435.hostingersite.com\/","name":"TEST YKM","description":"","publisher":{"@id":"https:\/\/darkorchid-cheetah-525435.hostingersite.com\/#organization"},"potentialAction":[{"@type":"SearchAction","target":{"@type":"EntryPoint","urlTemplate":"https:\/\/darkorchid-cheetah-525435.hostingersite.com\/?s={search_term_string}"},"query-input":{"@type":"PropertyValueSpecification","valueRequired":true,"valueName":"search_term_string"}}],"inLanguage":"fr-FR"},{"@type":["Organization","Place"],"@id":"https:\/\/darkorchid-cheetah-525435.hostingersite.com\/#organization","name":"TEST YKM","url":"https:\/\/darkorchid-cheetah-525435.hostingersite.com\/","logo":{"@id":"https:\/\/darkorchid-cheetah-525435.hostingersite.com\/product\/l-shape-box-apparatus\/#local-main-organization-logo"},"image":{"@id":"https:\/\/darkorchid-cheetah-525435.hostingersite.com\/product\/l-shape-box-apparatus\/#local-main-organization-logo"},"telephone":[],"openingHoursSpecification":[{"@type":"OpeningHoursSpecification","dayOfWeek":["Monday","Tuesday","Wednesday","Thursday","Friday","Saturday","Sunday"],"opens":"09:00","closes":"17:00"}]},{"@type":"ImageObject","inLanguage":"fr-FR","@id":"https:\/\/darkorchid-cheetah-525435.hostingersite.com\/product\/l-shape-box-apparatus\/#local-main-organization-logo","url":"https:\/\/ykmtest.com\/wp-content\/uploads\/2025\/10\/Asset-2@2x-8.png","contentUrl":"https:\/\/ykmtest.com\/wp-content\/uploads\/2025\/10\/Asset-2@2x-8.png","width":1550,"height":323,"caption":"YKM TEST"}]},"product_price_currency":"USD","og_availability":"instock","product_availability":"instock","product_condition":"new"},"_links":{"self":[{"href":"https:\/\/ykmtest.com\/french\/wp-json\/wp\/v2\/product\/11498","targetHints":{"allow":["GET"]}}],"collection":[{"href":"https:\/\/ykmtest.com\/french\/wp-json\/wp\/v2\/product"}],"about":[{"href":"https:\/\/ykmtest.com\/french\/wp-json\/wp\/v2\/types\/product"}],"version-history":[{"count":1,"href":"https:\/\/ykmtest.com\/french\/wp-json\/wp\/v2\/product\/11498\/revisions"}],"predecessor-version":[{"id":11499,"href":"https:\/\/ykmtest.com\/french\/wp-json\/wp\/v2\/product\/11498\/revisions\/11499"}],"wp:attachment":[{"href":"https:\/\/ykmtest.com\/french\/wp-json\/wp\/v2\/media?parent=11498"}],"wp:term":[{"taxonomy":"product_brand","embeddable":true,"href":"https:\/\/ykmtest.com\/french\/wp-json\/wp\/v2\/product_brand?post=11498"},{"taxonomy":"product_cat","embeddable":true,"href":"https:\/\/ykmtest.com\/french\/wp-json\/wp\/v2\/product_cat?post=11498"},{"taxonomy":"product_tag","embeddable":true,"href":"https:\/\/ykmtest.com\/french\/wp-json\/wp\/v2\/product_tag?post=11498"}],"curies":[{"name":"wp","href":"https:\/\/api.w.org\/{rel}","templated":true}]}}