{"id":11656,"date":"2025-12-29T13:40:51","date_gmt":"2025-12-29T13:40:51","guid":{"rendered":"https:\/\/ykmtest.com\/?post_type=product&#038;p=11656"},"modified":"2025-12-29T13:40:52","modified_gmt":"2025-12-29T13:40:52","slug":"marshall-stability-test-machine-with-proving-ring","status":"publish","type":"product","link":"https:\/\/ykmtest.com\/french\/produit\/marshall-stability-test-machine-with-proving-ring\/","title":{"rendered":"Machine d'essai de stabilit\u00e9 Marshall avec anneau d'essai"},"content":{"rendered":"<p>La machine d'essai de stabilit\u00e9 Marshall analogique est con\u00e7ue pour d\u00e9terminer les valeurs de stabilit\u00e9 (capacit\u00e9 de charge maximale) et d'\u00e9coulement (d\u00e9formation \u00e0 la rupture) des m\u00e9langes bitumineux. Il est utilis\u00e9 pour \u00e9valuer les performances des m\u00e9langes bitumineux et pour estimer le comportement sur le terrain lors de la conception des m\u00e9langes et du contr\u00f4le de la qualit\u00e9. Le syst\u00e8me analogique de stabilit\u00e9 Marshall du YKMTEST se compose d'un cadre en acier \u00e0 deux colonnes tr\u00e8s r\u00e9sistant, d'une unit\u00e9 de chargement m\u00e9canique, d'un anneau de v\u00e9rification et d'un comparateur de d\u00e9formation. La charge est appliqu\u00e9e par l'interm\u00e9diaire d'un plateau qui se d\u00e9place \u00e0 une vitesse constante. La charge appliqu\u00e9e est lue directement sur un anneau de v\u00e9rification calibr\u00e9 ; la charge maximale \u00e0 la rupture de l'\u00e9chantillon est enregistr\u00e9e comme valeur de stabilit\u00e9. Simultan\u00e9ment, la d\u00e9formation verticale est mesur\u00e9e pour d\u00e9terminer la valeur d'\u00e9coulement. Un m\u00e9canisme d'engrenage manuel actionne le plateau de chargement \u00e0 la vitesse d'essai standard de 50,8 mm\/min. Cette vitesse de chargement constante garantit des conditions d'essai homog\u00e8nes d'un \u00e9chantillon \u00e0 l'autre. L'anneau de v\u00e9rification, fabriqu\u00e9 en acier \u00e0 ressort de pr\u00e9cision, mesure la d\u00e9flexion avec une haute r\u00e9solution pour afficher la charge r\u00e9elle appliqu\u00e9e sans avoir besoin de capteurs \u00e9lectriques. Le syst\u00e8me s'adapte \u00e0 diff\u00e9rentes tailles d'\u00e9chantillons. Les \u00e9chantillons Marshall standard de 101,6 mm sont pris en charge, et les \u00e9chantillons de 152,4 mm peuvent \u00e9galement \u00eatre test\u00e9s \u00e0 l'aide de plaques d'adaptation optionnelles. La hauteur de la traverse est r\u00e9glable pour positionner en toute s\u00e9curit\u00e9 des moules de diff\u00e9rentes hauteurs. Cette machine analogique d'essai de stabilit\u00e9 Marshall constitue une solution fiable, pr\u00e9cise et \u00e9conomique pour la conception d'enrob\u00e9s, l'\u00e9valuation des performances et le contr\u00f4le de qualit\u00e9 de routine. Les r\u00e9sultats des essais sont pr\u00e9cis et reproductibles, ce qui permet une pr\u00e9vision r\u00e9aliste des performances de la chauss\u00e9e en service.<\/p>","protected":false},"excerpt":{"rendered":"<p>La machine d'essai de stabilit\u00e9 Marshall analogique avec anneau de v\u00e9rification est un syst\u00e8me manuel \u00e0 haute r\u00e9sistance qui mesure la stabilit\u00e9 et l'\u00e9coulement des m\u00e9langes bitumineux en appliquant une charge \u00e0 taux constant \u00e0 des \u00e9chantillons Marshall standard, ce qui permet une \u00e9valuation pr\u00e9cise, reproductible et rentable de la performance des enrob\u00e9s bitumineux.<\/p>","protected":false},"featured_media":0,"template":"","meta":{"_acf_changed":false},"product_brand":[],"product_cat":[172,176],"product_tag":[],"class_list":{"0":"post-11656","1":"product","2":"type-product","3":"status-publish","5":"product_cat-asphalt","6":"product_cat-marshall-stability-bmd-and-indirect-tensile","9":"instock","10":"shipping-taxable","11":"product-type-simple"},"acf":[],"yoast_head":"<!-- This site is optimized with the Yoast SEO Premium plugin v26.5 (Yoast SEO v27.5) - https:\/\/yoast.com\/product\/yoast-seo-premium-wordpress\/ -->\n<title>Marshall Stability Test Machine with Proving Ring - YKM TEST<\/title>\n<meta name=\"description\" content=\"Analog Marshall Stability Test Machine with proving ring for accurate determination of stability and flow values of asphalt mixtures in quality control labs.\" \/>\n<meta name=\"robots\" content=\"index, follow, max-snippet:-1, max-image-preview:large, max-video-preview:-1\" \/>\n<link rel=\"canonical\" href=\"https:\/\/darkorchid-cheetah-525435.hostingersite.com\/product\/marshall-stability-test-machine-with-proving-ring\/\" \/>\n<meta property=\"og:locale\" content=\"fr_FR\" \/>\n<meta property=\"og:type\" content=\"article\" \/>\n<meta property=\"og:title\" content=\"Marshall Stability Test Machine with Proving Ring\" \/>\n<meta property=\"og:description\" content=\"Analog Marshall Stability Test Machine with proving ring for accurate determination of stability and flow values of asphalt mixtures in quality control labs.\" \/>\n<meta property=\"og:url\" content=\"https:\/\/darkorchid-cheetah-525435.hostingersite.com\/product\/marshall-stability-test-machine-with-proving-ring\/\" \/>\n<meta property=\"og:site_name\" content=\"YKM TEST\" \/>\n<meta property=\"article:modified_time\" content=\"2025-12-29T13:40:52+00:00\" \/>\n<meta name=\"twitter:card\" content=\"summary_large_image\" \/>\n<meta name=\"twitter:label1\" content=\"Prix\" \/>\n\t<meta name=\"twitter:data1\" content=\"\" \/>\n\t<meta name=\"twitter:label2\" content=\"Disponibilit\u00e9\" \/>\n\t<meta name=\"twitter:data2\" content=\"En stock\" \/>\n<script type=\"application\/ld+json\" class=\"yoast-schema-graph\">{\"@context\":\"https:\\\/\\\/schema.org\",\"@graph\":[{\"@type\":\"WebPage\",\"@id\":\"https:\\\/\\\/darkorchid-cheetah-525435.hostingersite.com\\\/product\\\/marshall-stability-test-machine-with-proving-ring\\\/\",\"url\":\"https:\\\/\\\/darkorchid-cheetah-525435.hostingersite.com\\\/product\\\/marshall-stability-test-machine-with-proving-ring\\\/\",\"name\":\"Marshall Stability Test Machine with Proving Ring - YKM TEST\",\"isPartOf\":{\"@id\":\"https:\\\/\\\/darkorchid-cheetah-525435.hostingersite.com\\\/#website\"},\"datePublished\":\"2025-12-29T13:40:51+00:00\",\"dateModified\":\"2025-12-29T13:40:52+00:00\",\"description\":\"Analog Marshall Stability Test Machine with proving ring for accurate determination of stability and flow values of asphalt mixtures in quality control labs.\",\"breadcrumb\":{\"@id\":\"https:\\\/\\\/darkorchid-cheetah-525435.hostingersite.com\\\/product\\\/marshall-stability-test-machine-with-proving-ring\\\/#breadcrumb\"},\"inLanguage\":\"fr-FR\",\"potentialAction\":[{\"@type\":\"ReadAction\",\"target\":[\"https:\\\/\\\/darkorchid-cheetah-525435.hostingersite.com\\\/product\\\/marshall-stability-test-machine-with-proving-ring\\\/\"]}]},{\"@type\":\"BreadcrumbList\",\"@id\":\"https:\\\/\\\/darkorchid-cheetah-525435.hostingersite.com\\\/product\\\/marshall-stability-test-machine-with-proving-ring\\\/#breadcrumb\",\"itemListElement\":[{\"@type\":\"ListItem\",\"position\":1,\"name\":\"Home\",\"item\":\"https:\\\/\\\/darkorchid-cheetah-525435.hostingersite.com\\\/\"},{\"@type\":\"ListItem\",\"position\":2,\"name\":\"\u0422\u043e\u0432\u0430\u0440\u044b\",\"item\":\"https:\\\/\\\/ykmtest.com\\\/ru\\\/shop\\\/\"},{\"@type\":\"ListItem\",\"position\":3,\"name\":\"Marshall Stability Test Machine with Proving Ring\"}]},{\"@type\":\"WebSite\",\"@id\":\"https:\\\/\\\/darkorchid-cheetah-525435.hostingersite.com\\\/#website\",\"url\":\"https:\\\/\\\/darkorchid-cheetah-525435.hostingersite.com\\\/\",\"name\":\"YKM TEST\",\"description\":\"\",\"publisher\":{\"@id\":\"https:\\\/\\\/darkorchid-cheetah-525435.hostingersite.com\\\/#organization\"},\"potentialAction\":[{\"@type\":\"SearchAction\",\"target\":{\"@type\":\"EntryPoint\",\"urlTemplate\":\"https:\\\/\\\/darkorchid-cheetah-525435.hostingersite.com\\\/?s={search_term_string}\"},\"query-input\":{\"@type\":\"PropertyValueSpecification\",\"valueRequired\":true,\"valueName\":\"search_term_string\"}}],\"inLanguage\":\"fr-FR\"},{\"@type\":[\"Organization\",\"Place\"],\"@id\":\"https:\\\/\\\/darkorchid-cheetah-525435.hostingersite.com\\\/#organization\",\"name\":\"YKM TEST\",\"url\":\"https:\\\/\\\/darkorchid-cheetah-525435.hostingersite.com\\\/\",\"logo\":{\"@id\":\"https:\\\/\\\/darkorchid-cheetah-525435.hostingersite.com\\\/product\\\/marshall-stability-test-machine-with-proving-ring\\\/#local-main-organization-logo\"},\"image\":{\"@id\":\"https:\\\/\\\/darkorchid-cheetah-525435.hostingersite.com\\\/product\\\/marshall-stability-test-machine-with-proving-ring\\\/#local-main-organization-logo\"},\"telephone\":[],\"openingHoursSpecification\":[{\"@type\":\"OpeningHoursSpecification\",\"dayOfWeek\":[\"Monday\",\"Tuesday\",\"Wednesday\",\"Thursday\",\"Friday\",\"Saturday\",\"Sunday\"],\"opens\":\"09:00\",\"closes\":\"17:00\"}]},{\"@type\":\"ImageObject\",\"inLanguage\":\"fr-FR\",\"@id\":\"https:\\\/\\\/darkorchid-cheetah-525435.hostingersite.com\\\/product\\\/marshall-stability-test-machine-with-proving-ring\\\/#local-main-organization-logo\",\"url\":\"https:\\\/\\\/ykmtest.com\\\/wp-content\\\/uploads\\\/2025\\\/10\\\/Asset-2@2x-8.png\",\"contentUrl\":\"https:\\\/\\\/ykmtest.com\\\/wp-content\\\/uploads\\\/2025\\\/10\\\/Asset-2@2x-8.png\",\"width\":1550,\"height\":323,\"caption\":\"YKM TEST\"}]}<\/script>\n<meta property=\"product:price:currency\" content=\"USD\" \/>\n<meta property=\"og:availability\" content=\"instock\" \/>\n<meta property=\"product:availability\" content=\"instock\" \/>\n<meta property=\"product:condition\" content=\"new\" \/>\n<!-- \/ Yoast SEO Premium plugin. -->","yoast_head_json":{"title":"Marshall Stability Test Machine with Proving Ring - YKM TEST","description":"Analog Marshall Stability Test Machine with proving ring for accurate determination of stability and flow values of asphalt mixtures in quality control labs.","robots":{"index":"index","follow":"follow","max-snippet":"max-snippet:-1","max-image-preview":"max-image-preview:large","max-video-preview":"max-video-preview:-1"},"canonical":"https:\/\/darkorchid-cheetah-525435.hostingersite.com\/product\/marshall-stability-test-machine-with-proving-ring\/","og_locale":"fr_FR","og_type":"article","og_title":"Marshall Stability Test Machine with Proving Ring","og_description":"Analog Marshall Stability Test Machine with proving ring for accurate determination of stability and flow values of asphalt mixtures in quality control labs.","og_url":"https:\/\/darkorchid-cheetah-525435.hostingersite.com\/product\/marshall-stability-test-machine-with-proving-ring\/","og_site_name":"YKM TEST","article_modified_time":"2025-12-29T13:40:52+00:00","twitter_card":"summary_large_image","twitter_misc":{"Prix":"","Disponibilit\u00e9":"En stock"},"schema":{"@context":"https:\/\/schema.org","@graph":[{"@type":"WebPage","@id":"https:\/\/darkorchid-cheetah-525435.hostingersite.com\/product\/marshall-stability-test-machine-with-proving-ring\/","url":"https:\/\/darkorchid-cheetah-525435.hostingersite.com\/product\/marshall-stability-test-machine-with-proving-ring\/","name":"Marshall Stability Test Machine with Proving Ring - YKM TEST","isPartOf":{"@id":"https:\/\/darkorchid-cheetah-525435.hostingersite.com\/#website"},"datePublished":"2025-12-29T13:40:51+00:00","dateModified":"2025-12-29T13:40:52+00:00","description":"Analog Marshall Stability Test Machine with proving ring for accurate determination of stability and flow values of asphalt mixtures in quality control labs.","breadcrumb":{"@id":"https:\/\/darkorchid-cheetah-525435.hostingersite.com\/product\/marshall-stability-test-machine-with-proving-ring\/#breadcrumb"},"inLanguage":"fr-FR","potentialAction":[{"@type":"ReadAction","target":["https:\/\/darkorchid-cheetah-525435.hostingersite.com\/product\/marshall-stability-test-machine-with-proving-ring\/"]}]},{"@type":"BreadcrumbList","@id":"https:\/\/darkorchid-cheetah-525435.hostingersite.com\/product\/marshall-stability-test-machine-with-proving-ring\/#breadcrumb","itemListElement":[{"@type":"ListItem","position":1,"name":"Home","item":"https:\/\/darkorchid-cheetah-525435.hostingersite.com\/"},{"@type":"ListItem","position":2,"name":"\u0422\u043e\u0432\u0430\u0440\u044b","item":"https:\/\/ykmtest.com\/ru\/shop\/"},{"@type":"ListItem","position":3,"name":"Marshall Stability Test Machine with Proving Ring"}]},{"@type":"WebSite","@id":"https:\/\/darkorchid-cheetah-525435.hostingersite.com\/#website","url":"https:\/\/darkorchid-cheetah-525435.hostingersite.com\/","name":"TEST YKM","description":"","publisher":{"@id":"https:\/\/darkorchid-cheetah-525435.hostingersite.com\/#organization"},"potentialAction":[{"@type":"SearchAction","target":{"@type":"EntryPoint","urlTemplate":"https:\/\/darkorchid-cheetah-525435.hostingersite.com\/?s={search_term_string}"},"query-input":{"@type":"PropertyValueSpecification","valueRequired":true,"valueName":"search_term_string"}}],"inLanguage":"fr-FR"},{"@type":["Organization","Place"],"@id":"https:\/\/darkorchid-cheetah-525435.hostingersite.com\/#organization","name":"TEST YKM","url":"https:\/\/darkorchid-cheetah-525435.hostingersite.com\/","logo":{"@id":"https:\/\/darkorchid-cheetah-525435.hostingersite.com\/product\/marshall-stability-test-machine-with-proving-ring\/#local-main-organization-logo"},"image":{"@id":"https:\/\/darkorchid-cheetah-525435.hostingersite.com\/product\/marshall-stability-test-machine-with-proving-ring\/#local-main-organization-logo"},"telephone":[],"openingHoursSpecification":[{"@type":"OpeningHoursSpecification","dayOfWeek":["Monday","Tuesday","Wednesday","Thursday","Friday","Saturday","Sunday"],"opens":"09:00","closes":"17:00"}]},{"@type":"ImageObject","inLanguage":"fr-FR","@id":"https:\/\/darkorchid-cheetah-525435.hostingersite.com\/product\/marshall-stability-test-machine-with-proving-ring\/#local-main-organization-logo","url":"https:\/\/ykmtest.com\/wp-content\/uploads\/2025\/10\/Asset-2@2x-8.png","contentUrl":"https:\/\/ykmtest.com\/wp-content\/uploads\/2025\/10\/Asset-2@2x-8.png","width":1550,"height":323,"caption":"YKM TEST"}]},"product_price_currency":"USD","og_availability":"instock","product_availability":"instock","product_condition":"new"},"_links":{"self":[{"href":"https:\/\/ykmtest.com\/french\/wp-json\/wp\/v2\/product\/11656","targetHints":{"allow":["GET"]}}],"collection":[{"href":"https:\/\/ykmtest.com\/french\/wp-json\/wp\/v2\/product"}],"about":[{"href":"https:\/\/ykmtest.com\/french\/wp-json\/wp\/v2\/types\/product"}],"version-history":[{"count":1,"href":"https:\/\/ykmtest.com\/french\/wp-json\/wp\/v2\/product\/11656\/revisions"}],"predecessor-version":[{"id":11657,"href":"https:\/\/ykmtest.com\/french\/wp-json\/wp\/v2\/product\/11656\/revisions\/11657"}],"wp:attachment":[{"href":"https:\/\/ykmtest.com\/french\/wp-json\/wp\/v2\/media?parent=11656"}],"wp:term":[{"taxonomy":"product_brand","embeddable":true,"href":"https:\/\/ykmtest.com\/french\/wp-json\/wp\/v2\/product_brand?post=11656"},{"taxonomy":"product_cat","embeddable":true,"href":"https:\/\/ykmtest.com\/french\/wp-json\/wp\/v2\/product_cat?post=11656"},{"taxonomy":"product_tag","embeddable":true,"href":"https:\/\/ykmtest.com\/french\/wp-json\/wp\/v2\/product_tag?post=11656"}],"curies":[{"name":"wp","href":"https:\/\/api.w.org\/{rel}","templated":true}]}}