{"id":11726,"date":"2025-12-31T08:48:53","date_gmt":"2025-12-31T08:48:53","guid":{"rendered":"https:\/\/ykmtest.com\/?post_type=product&#038;p=11726"},"modified":"2025-12-31T08:48:54","modified_gmt":"2025-12-31T08:48:54","slug":"le-chatelier-water-bath","status":"publish","type":"product","link":"https:\/\/ykmtest.com\/french\/produit\/le-chatelier-water-bath\/","title":{"rendered":"Bain-marie Le Chatelier"},"content":{"rendered":"<p>Le bain-marie Le Chatelier est un bain-marie de laboratoire avec un contr\u00f4le pr\u00e9cis de la temp\u00e9rature, con\u00e7u pour durcir les moules Le Chatelier dans des conditions contr\u00f4l\u00e9es pour les essais d'expansion de volume (solidit\u00e9) du ciment. L'appareil est con\u00e7u pour tester des \u00e9chantillons de ciment sous des profils de temp\u00e9rature sp\u00e9cifiques, offrant une grande stabilit\u00e9 thermique, une distribution uniforme de la temp\u00e9rature et une fiabilit\u00e9 op\u00e9rationnelle \u00e0 long terme. Le bain-marie YKMTEST Le Chatelier est dot\u00e9 d'une cuve int\u00e9rieure en acier inoxydable durable et d'un corps ext\u00e9rieur isol\u00e9. La cuve int\u00e9rieure est g\u00e9om\u00e9triquement con\u00e7ue pour optimiser la circulation de l'eau et assurer une temp\u00e9rature uniforme dans tout le bain. Cette caract\u00e9ristique garantit que tous les \u00e9chantillons de ciment sont expos\u00e9s aux m\u00eames conditions thermiques. Le syst\u00e8me de chauffage est \u00e9quip\u00e9 de r\u00e9sistances \u00e0 haut rendement qui am\u00e8nent rapidement la temp\u00e9rature de l'eau \u00e0 la valeur cible. L'unit\u00e9 de contr\u00f4le num\u00e9rique de la temp\u00e9rature permet un r\u00e9glage avec une pr\u00e9cision de 0,1 \u00b0C et maintient une temp\u00e9rature de l'eau stable pendant l'essai, en \u00e9vitant les fluctuations soudaines. La temp\u00e9rature de l'eau peut g\u00e9n\u00e9ralement \u00eatre r\u00e9gl\u00e9e et stabilis\u00e9e \u00e0 27 \u00b0C, 30 \u00b0C ou 85 \u00b0C, conform\u00e9ment aux proc\u00e9dures d'essai. Le bain est con\u00e7u pour accueillir simultan\u00e9ment jusqu'\u00e0 12 moules Le Chatelier. La cuve int\u00e9rieure en acier inoxydable est r\u00e9sistante \u00e0 la corrosion et facile \u00e0 nettoyer. Une grille de support perfor\u00e9e situ\u00e9e dans la partie sup\u00e9rieure garantit que les moules restent debout et bien positionn\u00e9s pendant toute la dur\u00e9e de l'essai, \u00e9vitant ainsi qu'ils ne basculent. Le corps ext\u00e9rieur de l'appareil est en acier recouvert d'une couche de poudre \u00e9lectrostatique, ce qui lui conf\u00e8re \u00e0 la fois un aspect esth\u00e9tique et une protection \u00e0 long terme contre la corrosion. Les parois int\u00e9rieures isol\u00e9es minimisent les pertes de chaleur et am\u00e9liorent l'efficacit\u00e9 \u00e9nerg\u00e9tique. Le couvercle du bain, en acier inoxydable, am\u00e9liore la r\u00e9tention de la chaleur et emp\u00eache l'\u00e9vaporation et la fuite de chaleur pendant les essais.<\/p>","protected":false},"excerpt":{"rendered":"<p><span lang=\"TR\">Le bain-marie Le Chatelier est un bain de laboratoire en acier inoxydable dot\u00e9 d'un contr\u00f4le num\u00e9rique pr\u00e9cis de la temp\u00e9rature et d'une circulation uniforme de l'eau. Il est con\u00e7u pour durcir simultan\u00e9ment jusqu'\u00e0 12 moules Le Chatelier afin de r\u00e9aliser des essais fiables de solidit\u00e9 du ciment (expansion du volume).<\/span><\/p>","protected":false},"featured_media":0,"template":"","meta":{"_acf_changed":false},"product_brand":[],"product_cat":[159,166],"product_tag":[],"class_list":{"0":"post-11726","1":"product","2":"type-product","3":"status-publish","5":"product_cat-cement-mortar","6":"product_cat-soundness-of-cement-and-limes","9":"instock","10":"shipping-taxable","11":"product-type-simple"},"acf":[],"yoast_head":"<!-- This site is optimized with the Yoast SEO Premium plugin v26.5 (Yoast SEO v27.5) - https:\/\/yoast.com\/product\/yoast-seo-premium-wordpress\/ -->\n<title>Le Chatelier Water Bath - YKM TEST<\/title>\n<meta name=\"description\" content=\"Le Chatelier Water Bath is a stainless-steel laboratory bath with precise digital temperature control, designed to cure up to 12 Le Chatelier moulds simultaneously for cement soundness and volume expansion testing.\" \/>\n<meta name=\"robots\" content=\"index, follow, max-snippet:-1, max-image-preview:large, max-video-preview:-1\" \/>\n<link rel=\"canonical\" href=\"https:\/\/ykmtest.com\/french\/produit\/le-chatelier-water-bath\/\" \/>\n<meta property=\"og:locale\" content=\"fr_FR\" \/>\n<meta property=\"og:type\" content=\"article\" \/>\n<meta property=\"og:title\" content=\"Le Chatelier Water Bath\" \/>\n<meta property=\"og:description\" content=\"Le Chatelier Water Bath is a stainless-steel laboratory bath with precise digital temperature control, designed to cure up to 12 Le Chatelier moulds simultaneously for cement soundness and volume expansion testing.\" \/>\n<meta property=\"og:url\" content=\"https:\/\/ykmtest.com\/french\/produit\/le-chatelier-water-bath\/\" \/>\n<meta property=\"og:site_name\" content=\"YKM TEST\" \/>\n<meta property=\"article:modified_time\" content=\"2025-12-31T08:48:54+00:00\" \/>\n<meta name=\"twitter:card\" content=\"summary_large_image\" \/>\n<meta name=\"twitter:label1\" content=\"Prix\" \/>\n\t<meta name=\"twitter:data1\" content=\"\" \/>\n\t<meta name=\"twitter:label2\" content=\"Disponibilit\u00e9\" \/>\n\t<meta name=\"twitter:data2\" content=\"En stock\" \/>\n<script type=\"application\/ld+json\" class=\"yoast-schema-graph\">{\"@context\":\"https:\\\/\\\/schema.org\",\"@graph\":[{\"@type\":\"WebPage\",\"@id\":\"https:\\\/\\\/ykmtest.com\\\/product\\\/le-chatelier-water-bath\\\/\",\"url\":\"https:\\\/\\\/ykmtest.com\\\/product\\\/le-chatelier-water-bath\\\/\",\"name\":\"Le Chatelier Water Bath - YKM TEST\",\"isPartOf\":{\"@id\":\"https:\\\/\\\/darkorchid-cheetah-525435.hostingersite.com\\\/#website\"},\"datePublished\":\"2025-12-31T08:48:53+00:00\",\"dateModified\":\"2025-12-31T08:48:54+00:00\",\"description\":\"Le Chatelier Water Bath is a stainless-steel laboratory bath with precise digital temperature control, designed to cure up to 12 Le Chatelier moulds simultaneously for cement soundness and volume expansion testing.\",\"breadcrumb\":{\"@id\":\"https:\\\/\\\/ykmtest.com\\\/product\\\/le-chatelier-water-bath\\\/#breadcrumb\"},\"inLanguage\":\"fr-FR\",\"potentialAction\":[{\"@type\":\"ReadAction\",\"target\":[\"https:\\\/\\\/ykmtest.com\\\/product\\\/le-chatelier-water-bath\\\/\"]}]},{\"@type\":\"BreadcrumbList\",\"@id\":\"https:\\\/\\\/ykmtest.com\\\/product\\\/le-chatelier-water-bath\\\/#breadcrumb\",\"itemListElement\":[{\"@type\":\"ListItem\",\"position\":1,\"name\":\"Home\",\"item\":\"https:\\\/\\\/darkorchid-cheetah-525435.hostingersite.com\\\/\"},{\"@type\":\"ListItem\",\"position\":2,\"name\":\"\u0422\u043e\u0432\u0430\u0440\u044b\",\"item\":\"https:\\\/\\\/ykmtest.com\\\/ru\\\/shop\\\/\"},{\"@type\":\"ListItem\",\"position\":3,\"name\":\"Le Chatelier Water Bath\"}]},{\"@type\":\"WebSite\",\"@id\":\"https:\\\/\\\/darkorchid-cheetah-525435.hostingersite.com\\\/#website\",\"url\":\"https:\\\/\\\/darkorchid-cheetah-525435.hostingersite.com\\\/\",\"name\":\"YKM TEST\",\"description\":\"\",\"publisher\":{\"@id\":\"https:\\\/\\\/darkorchid-cheetah-525435.hostingersite.com\\\/#organization\"},\"potentialAction\":[{\"@type\":\"SearchAction\",\"target\":{\"@type\":\"EntryPoint\",\"urlTemplate\":\"https:\\\/\\\/darkorchid-cheetah-525435.hostingersite.com\\\/?s={search_term_string}\"},\"query-input\":{\"@type\":\"PropertyValueSpecification\",\"valueRequired\":true,\"valueName\":\"search_term_string\"}}],\"inLanguage\":\"fr-FR\"},{\"@type\":[\"Organization\",\"Place\"],\"@id\":\"https:\\\/\\\/darkorchid-cheetah-525435.hostingersite.com\\\/#organization\",\"name\":\"YKM TEST\",\"url\":\"https:\\\/\\\/darkorchid-cheetah-525435.hostingersite.com\\\/\",\"logo\":{\"@id\":\"https:\\\/\\\/ykmtest.com\\\/product\\\/le-chatelier-water-bath\\\/#local-main-organization-logo\"},\"image\":{\"@id\":\"https:\\\/\\\/ykmtest.com\\\/product\\\/le-chatelier-water-bath\\\/#local-main-organization-logo\"},\"telephone\":[],\"openingHoursSpecification\":[{\"@type\":\"OpeningHoursSpecification\",\"dayOfWeek\":[\"Monday\",\"Tuesday\",\"Wednesday\",\"Thursday\",\"Friday\",\"Saturday\",\"Sunday\"],\"opens\":\"09:00\",\"closes\":\"17:00\"}]},{\"@type\":\"ImageObject\",\"inLanguage\":\"fr-FR\",\"@id\":\"https:\\\/\\\/ykmtest.com\\\/product\\\/le-chatelier-water-bath\\\/#local-main-organization-logo\",\"url\":\"https:\\\/\\\/ykmtest.com\\\/wp-content\\\/uploads\\\/2025\\\/10\\\/Asset-2@2x-8.png\",\"contentUrl\":\"https:\\\/\\\/ykmtest.com\\\/wp-content\\\/uploads\\\/2025\\\/10\\\/Asset-2@2x-8.png\",\"width\":1550,\"height\":323,\"caption\":\"YKM TEST\"}]}<\/script>\n<meta property=\"product:price:currency\" content=\"USD\" \/>\n<meta property=\"og:availability\" content=\"instock\" \/>\n<meta property=\"product:availability\" content=\"instock\" \/>\n<meta property=\"product:condition\" content=\"new\" \/>\n<!-- \/ Yoast SEO Premium plugin. -->","yoast_head_json":{"title":"Le Chatelier Water Bath - YKM TEST","description":"Le Chatelier Water Bath is a stainless-steel laboratory bath with precise digital temperature control, designed to cure up to 12 Le Chatelier moulds simultaneously for cement soundness and volume expansion testing.","robots":{"index":"index","follow":"follow","max-snippet":"max-snippet:-1","max-image-preview":"max-image-preview:large","max-video-preview":"max-video-preview:-1"},"canonical":"https:\/\/ykmtest.com\/french\/produit\/le-chatelier-water-bath\/","og_locale":"fr_FR","og_type":"article","og_title":"Le Chatelier Water Bath","og_description":"Le Chatelier Water Bath is a stainless-steel laboratory bath with precise digital temperature control, designed to cure up to 12 Le Chatelier moulds simultaneously for cement soundness and volume expansion testing.","og_url":"https:\/\/ykmtest.com\/french\/produit\/le-chatelier-water-bath\/","og_site_name":"YKM TEST","article_modified_time":"2025-12-31T08:48:54+00:00","twitter_card":"summary_large_image","twitter_misc":{"Prix":"","Disponibilit\u00e9":"En stock"},"schema":{"@context":"https:\/\/schema.org","@graph":[{"@type":"WebPage","@id":"https:\/\/ykmtest.com\/product\/le-chatelier-water-bath\/","url":"https:\/\/ykmtest.com\/product\/le-chatelier-water-bath\/","name":"Le Chatelier Water Bath - YKM TEST","isPartOf":{"@id":"https:\/\/darkorchid-cheetah-525435.hostingersite.com\/#website"},"datePublished":"2025-12-31T08:48:53+00:00","dateModified":"2025-12-31T08:48:54+00:00","description":"Le Chatelier Water Bath is a stainless-steel laboratory bath with precise digital temperature control, designed to cure up to 12 Le Chatelier moulds simultaneously for cement soundness and volume expansion testing.","breadcrumb":{"@id":"https:\/\/ykmtest.com\/product\/le-chatelier-water-bath\/#breadcrumb"},"inLanguage":"fr-FR","potentialAction":[{"@type":"ReadAction","target":["https:\/\/ykmtest.com\/product\/le-chatelier-water-bath\/"]}]},{"@type":"BreadcrumbList","@id":"https:\/\/ykmtest.com\/product\/le-chatelier-water-bath\/#breadcrumb","itemListElement":[{"@type":"ListItem","position":1,"name":"Home","item":"https:\/\/darkorchid-cheetah-525435.hostingersite.com\/"},{"@type":"ListItem","position":2,"name":"\u0422\u043e\u0432\u0430\u0440\u044b","item":"https:\/\/ykmtest.com\/ru\/shop\/"},{"@type":"ListItem","position":3,"name":"Le Chatelier Water Bath"}]},{"@type":"WebSite","@id":"https:\/\/darkorchid-cheetah-525435.hostingersite.com\/#website","url":"https:\/\/darkorchid-cheetah-525435.hostingersite.com\/","name":"TEST YKM","description":"","publisher":{"@id":"https:\/\/darkorchid-cheetah-525435.hostingersite.com\/#organization"},"potentialAction":[{"@type":"SearchAction","target":{"@type":"EntryPoint","urlTemplate":"https:\/\/darkorchid-cheetah-525435.hostingersite.com\/?s={search_term_string}"},"query-input":{"@type":"PropertyValueSpecification","valueRequired":true,"valueName":"search_term_string"}}],"inLanguage":"fr-FR"},{"@type":["Organization","Place"],"@id":"https:\/\/darkorchid-cheetah-525435.hostingersite.com\/#organization","name":"TEST YKM","url":"https:\/\/darkorchid-cheetah-525435.hostingersite.com\/","logo":{"@id":"https:\/\/ykmtest.com\/product\/le-chatelier-water-bath\/#local-main-organization-logo"},"image":{"@id":"https:\/\/ykmtest.com\/product\/le-chatelier-water-bath\/#local-main-organization-logo"},"telephone":[],"openingHoursSpecification":[{"@type":"OpeningHoursSpecification","dayOfWeek":["Monday","Tuesday","Wednesday","Thursday","Friday","Saturday","Sunday"],"opens":"09:00","closes":"17:00"}]},{"@type":"ImageObject","inLanguage":"fr-FR","@id":"https:\/\/ykmtest.com\/product\/le-chatelier-water-bath\/#local-main-organization-logo","url":"https:\/\/ykmtest.com\/wp-content\/uploads\/2025\/10\/Asset-2@2x-8.png","contentUrl":"https:\/\/ykmtest.com\/wp-content\/uploads\/2025\/10\/Asset-2@2x-8.png","width":1550,"height":323,"caption":"YKM TEST"}]},"product_price_currency":"USD","og_availability":"instock","product_availability":"instock","product_condition":"new"},"_links":{"self":[{"href":"https:\/\/ykmtest.com\/french\/wp-json\/wp\/v2\/product\/11726","targetHints":{"allow":["GET"]}}],"collection":[{"href":"https:\/\/ykmtest.com\/french\/wp-json\/wp\/v2\/product"}],"about":[{"href":"https:\/\/ykmtest.com\/french\/wp-json\/wp\/v2\/types\/product"}],"version-history":[{"count":1,"href":"https:\/\/ykmtest.com\/french\/wp-json\/wp\/v2\/product\/11726\/revisions"}],"predecessor-version":[{"id":11727,"href":"https:\/\/ykmtest.com\/french\/wp-json\/wp\/v2\/product\/11726\/revisions\/11727"}],"wp:attachment":[{"href":"https:\/\/ykmtest.com\/french\/wp-json\/wp\/v2\/media?parent=11726"}],"wp:term":[{"taxonomy":"product_brand","embeddable":true,"href":"https:\/\/ykmtest.com\/french\/wp-json\/wp\/v2\/product_brand?post=11726"},{"taxonomy":"product_cat","embeddable":true,"href":"https:\/\/ykmtest.com\/french\/wp-json\/wp\/v2\/product_cat?post=11726"},{"taxonomy":"product_tag","embeddable":true,"href":"https:\/\/ykmtest.com\/french\/wp-json\/wp\/v2\/product_tag?post=11726"}],"curies":[{"name":"wp","href":"https:\/\/api.w.org\/{rel}","templated":true}]}}