{"id":11730,"date":"2025-12-31T11:02:27","date_gmt":"2025-12-31T11:02:27","guid":{"rendered":"https:\/\/ykmtest.com\/?post_type=product&#038;p=11730"},"modified":"2025-12-31T11:02:28","modified_gmt":"2025-12-31T11:02:28","slug":"automatic-blaine-air-permeability-apparatus","status":"publish","type":"product","link":"https:\/\/ykmtest.com\/french\/produit\/automatic-blaine-air-permeability-apparatus\/","title":{"rendered":"Appareil automatique Blaine pour mesurer la perm\u00e9abilit\u00e9 \u00e0 l'air"},"content":{"rendered":"<p>L'appareil automatique de perm\u00e9abilit\u00e9 \u00e0 l'air de Blaine est un syst\u00e8me professionnel con\u00e7u pour d\u00e9terminer la surface sp\u00e9cifique (finesse de Blaine) du ciment, de la chaux et d'autres liants fins de mani\u00e8re enti\u00e8rement automatique et reproductible. L'unit\u00e9 contr\u00f4l\u00e9e par micro-ordinateur g\u00e8re automatiquement les niveaux de vide, le temps et les calculs des r\u00e9sultats, minimisant ainsi l'influence de l'op\u00e9rateur et garantissant des r\u00e9sultats coh\u00e9rents dans le cadre d'une production \u00e0 haut d\u00e9bit. La cellule de Blaine en acier inoxydable, \u00e9quip\u00e9e d'un disque et d'un piston, maintient une densit\u00e9 d'emballage stable gr\u00e2ce \u00e0 sa construction \u00e9tanche et rigide. Une sonde de temp\u00e9rature int\u00e9gr\u00e9e applique automatiquement des corrections de viscosit\u00e9 et de temp\u00e9rature en fonction des conditions ambiantes. L'affichage num\u00e9rique haute r\u00e9solution et l'interface \u00e0 grand \u00e9cran offrent des fonctions qui acc\u00e9l\u00e8rent le flux de travail, telles que le lancement d'un test par une seule touche, l'\u00e9talonnage avec un mat\u00e9riau de r\u00e9f\u00e9rence et le calcul automatique de la moyenne. Une station de double mesure optionnelle permet de traiter deux \u00e9chantillons cons\u00e9cutivement, ce qui accro\u00eet l'efficacit\u00e9. La m\u00e9moire interne, la sortie de donn\u00e9es USB\/CSV et l'int\u00e9gration de logiciels am\u00e9liorent la tra\u00e7abilit\u00e9 des enregistrements de qualit\u00e9. L'appareil est con\u00e7u pour une utilisation intensive en laboratoire, avec des surfaces lisses n\u00e9cessitant peu d'entretien, des joints r\u00e9sistants aux solvants et \u00e0 la temp\u00e9rature, et un module de vide compact et silencieux. L'architecture du syst\u00e8me est d\u00e9velopp\u00e9e pour r\u00e9pondre aux crit\u00e8res de pr\u00e9cision dimensionnelle, de vitesse et de contr\u00f4le du temps sp\u00e9cifi\u00e9s dans les normes ASTM C204, EN 196-6 et AASHTO T153, garantissant des r\u00e9sultats fiables et communicables pour le contr\u00f4le de la qualit\u00e9 de la production, les essais d'acceptation et les \u00e9tudes de R&amp;D. En r\u00e9sum\u00e9, l'appareil automatique de perm\u00e9abilit\u00e9 \u00e0 l'air de Blaine combine l'automatisation, la pr\u00e9cision et la convivialit\u00e9 sur une seule plate-forme, ce qui rend la mesure de la finesse du ciment rapide, s\u00fbre et rentable.<\/p>","protected":false},"excerpt":{"rendered":"<p>L'appareil automatique de perm\u00e9abilit\u00e9 \u00e0 l'air de Blaine est un syst\u00e8me command\u00e9 par micro-ordinateur qui mesure automatiquement la surface sp\u00e9cifique (finesse de Blaine) du ciment et d'autres liants fins avec correction du vide, du temps et de la temp\u00e9rature pour des r\u00e9sultats reproductibles et conformes aux normes.<\/p>","protected":false},"featured_media":0,"template":"","meta":{"_acf_changed":false},"product_brand":[],"product_cat":[167,159],"product_tag":[],"class_list":{"0":"post-11730","1":"product","2":"type-product","3":"status-publish","5":"product_cat-blaine-air-permeability-fineness","6":"product_cat-cement-mortar","9":"instock","10":"shipping-taxable","11":"product-type-simple"},"acf":[],"yoast_head":"<!-- This site is optimized with the Yoast SEO Premium plugin v26.5 (Yoast SEO v27.5) - https:\/\/yoast.com\/product\/yoast-seo-premium-wordpress\/ -->\n<title>Automatic Blaine Air Permeability Apparatus - YKM TEST<\/title>\n<meta name=\"description\" content=\"Automatic Blaine Air Permeability Apparatus is a microcomputer-controlled system that automatically measures cement and binder Blaine fineness with precise vacuum, timing, and temperature correction in full compliance with ASTM and EN standards.\" \/>\n<meta name=\"robots\" content=\"index, follow, max-snippet:-1, max-image-preview:large, max-video-preview:-1\" \/>\n<link rel=\"canonical\" href=\"https:\/\/ykmtest.com\/french\/produit\/automatic-blaine-air-permeability-apparatus\/\" \/>\n<meta property=\"og:locale\" content=\"fr_FR\" \/>\n<meta property=\"og:type\" content=\"article\" \/>\n<meta property=\"og:title\" content=\"Automatic Blaine Air Permeability Apparatus\" \/>\n<meta property=\"og:description\" content=\"Automatic Blaine Air Permeability Apparatus is a microcomputer-controlled system that automatically measures cement and binder Blaine fineness with precise vacuum, timing, and temperature correction in full compliance with ASTM and EN standards.\" \/>\n<meta property=\"og:url\" content=\"https:\/\/ykmtest.com\/french\/produit\/automatic-blaine-air-permeability-apparatus\/\" \/>\n<meta property=\"og:site_name\" content=\"YKM TEST\" \/>\n<meta property=\"article:modified_time\" content=\"2025-12-31T11:02:28+00:00\" \/>\n<meta name=\"twitter:card\" content=\"summary_large_image\" \/>\n<meta name=\"twitter:label1\" content=\"Prix\" \/>\n\t<meta name=\"twitter:data1\" content=\"\" \/>\n\t<meta name=\"twitter:label2\" content=\"Disponibilit\u00e9\" \/>\n\t<meta name=\"twitter:data2\" content=\"En stock\" \/>\n<script type=\"application\/ld+json\" class=\"yoast-schema-graph\">{\"@context\":\"https:\\\/\\\/schema.org\",\"@graph\":[{\"@type\":\"WebPage\",\"@id\":\"https:\\\/\\\/ykmtest.com\\\/product\\\/automatic-blaine-air-permeability-apparatus\\\/\",\"url\":\"https:\\\/\\\/ykmtest.com\\\/product\\\/automatic-blaine-air-permeability-apparatus\\\/\",\"name\":\"Automatic Blaine Air Permeability Apparatus - YKM TEST\",\"isPartOf\":{\"@id\":\"https:\\\/\\\/darkorchid-cheetah-525435.hostingersite.com\\\/#website\"},\"datePublished\":\"2025-12-31T11:02:27+00:00\",\"dateModified\":\"2025-12-31T11:02:28+00:00\",\"description\":\"Automatic Blaine Air Permeability Apparatus is a microcomputer-controlled system that automatically measures cement and binder Blaine fineness with precise vacuum, timing, and temperature correction in full compliance with ASTM and EN standards.\",\"breadcrumb\":{\"@id\":\"https:\\\/\\\/ykmtest.com\\\/product\\\/automatic-blaine-air-permeability-apparatus\\\/#breadcrumb\"},\"inLanguage\":\"fr-FR\",\"potentialAction\":[{\"@type\":\"ReadAction\",\"target\":[\"https:\\\/\\\/ykmtest.com\\\/product\\\/automatic-blaine-air-permeability-apparatus\\\/\"]}]},{\"@type\":\"BreadcrumbList\",\"@id\":\"https:\\\/\\\/ykmtest.com\\\/product\\\/automatic-blaine-air-permeability-apparatus\\\/#breadcrumb\",\"itemListElement\":[{\"@type\":\"ListItem\",\"position\":1,\"name\":\"Home\",\"item\":\"https:\\\/\\\/darkorchid-cheetah-525435.hostingersite.com\\\/\"},{\"@type\":\"ListItem\",\"position\":2,\"name\":\"\u0422\u043e\u0432\u0430\u0440\u044b\",\"item\":\"https:\\\/\\\/ykmtest.com\\\/ru\\\/shop\\\/\"},{\"@type\":\"ListItem\",\"position\":3,\"name\":\"Automatic Blaine Air Permeability Apparatus\"}]},{\"@type\":\"WebSite\",\"@id\":\"https:\\\/\\\/darkorchid-cheetah-525435.hostingersite.com\\\/#website\",\"url\":\"https:\\\/\\\/darkorchid-cheetah-525435.hostingersite.com\\\/\",\"name\":\"YKM TEST\",\"description\":\"\",\"publisher\":{\"@id\":\"https:\\\/\\\/darkorchid-cheetah-525435.hostingersite.com\\\/#organization\"},\"potentialAction\":[{\"@type\":\"SearchAction\",\"target\":{\"@type\":\"EntryPoint\",\"urlTemplate\":\"https:\\\/\\\/darkorchid-cheetah-525435.hostingersite.com\\\/?s={search_term_string}\"},\"query-input\":{\"@type\":\"PropertyValueSpecification\",\"valueRequired\":true,\"valueName\":\"search_term_string\"}}],\"inLanguage\":\"fr-FR\"},{\"@type\":[\"Organization\",\"Place\"],\"@id\":\"https:\\\/\\\/darkorchid-cheetah-525435.hostingersite.com\\\/#organization\",\"name\":\"YKM TEST\",\"url\":\"https:\\\/\\\/darkorchid-cheetah-525435.hostingersite.com\\\/\",\"logo\":{\"@id\":\"https:\\\/\\\/ykmtest.com\\\/product\\\/automatic-blaine-air-permeability-apparatus\\\/#local-main-organization-logo\"},\"image\":{\"@id\":\"https:\\\/\\\/ykmtest.com\\\/product\\\/automatic-blaine-air-permeability-apparatus\\\/#local-main-organization-logo\"},\"telephone\":[],\"openingHoursSpecification\":[{\"@type\":\"OpeningHoursSpecification\",\"dayOfWeek\":[\"Monday\",\"Tuesday\",\"Wednesday\",\"Thursday\",\"Friday\",\"Saturday\",\"Sunday\"],\"opens\":\"09:00\",\"closes\":\"17:00\"}]},{\"@type\":\"ImageObject\",\"inLanguage\":\"fr-FR\",\"@id\":\"https:\\\/\\\/ykmtest.com\\\/product\\\/automatic-blaine-air-permeability-apparatus\\\/#local-main-organization-logo\",\"url\":\"https:\\\/\\\/ykmtest.com\\\/wp-content\\\/uploads\\\/2025\\\/10\\\/Asset-2@2x-8.png\",\"contentUrl\":\"https:\\\/\\\/ykmtest.com\\\/wp-content\\\/uploads\\\/2025\\\/10\\\/Asset-2@2x-8.png\",\"width\":1550,\"height\":323,\"caption\":\"YKM TEST\"}]}<\/script>\n<meta property=\"product:price:currency\" content=\"USD\" \/>\n<meta property=\"og:availability\" content=\"instock\" \/>\n<meta property=\"product:availability\" content=\"instock\" \/>\n<meta property=\"product:condition\" content=\"new\" \/>\n<!-- \/ Yoast SEO Premium plugin. -->","yoast_head_json":{"title":"Automatic Blaine Air Permeability Apparatus - YKM TEST","description":"Automatic Blaine Air Permeability Apparatus is a microcomputer-controlled system that automatically measures cement and binder Blaine fineness with precise vacuum, timing, and temperature correction in full compliance with ASTM and EN standards.","robots":{"index":"index","follow":"follow","max-snippet":"max-snippet:-1","max-image-preview":"max-image-preview:large","max-video-preview":"max-video-preview:-1"},"canonical":"https:\/\/ykmtest.com\/french\/produit\/automatic-blaine-air-permeability-apparatus\/","og_locale":"fr_FR","og_type":"article","og_title":"Automatic Blaine Air Permeability Apparatus","og_description":"Automatic Blaine Air Permeability Apparatus is a microcomputer-controlled system that automatically measures cement and binder Blaine fineness with precise vacuum, timing, and temperature correction in full compliance with ASTM and EN standards.","og_url":"https:\/\/ykmtest.com\/french\/produit\/automatic-blaine-air-permeability-apparatus\/","og_site_name":"YKM TEST","article_modified_time":"2025-12-31T11:02:28+00:00","twitter_card":"summary_large_image","twitter_misc":{"Prix":"","Disponibilit\u00e9":"En stock"},"schema":{"@context":"https:\/\/schema.org","@graph":[{"@type":"WebPage","@id":"https:\/\/ykmtest.com\/product\/automatic-blaine-air-permeability-apparatus\/","url":"https:\/\/ykmtest.com\/product\/automatic-blaine-air-permeability-apparatus\/","name":"Automatic Blaine Air Permeability Apparatus - YKM TEST","isPartOf":{"@id":"https:\/\/darkorchid-cheetah-525435.hostingersite.com\/#website"},"datePublished":"2025-12-31T11:02:27+00:00","dateModified":"2025-12-31T11:02:28+00:00","description":"Automatic Blaine Air Permeability Apparatus is a microcomputer-controlled system that automatically measures cement and binder Blaine fineness with precise vacuum, timing, and temperature correction in full compliance with ASTM and EN standards.","breadcrumb":{"@id":"https:\/\/ykmtest.com\/product\/automatic-blaine-air-permeability-apparatus\/#breadcrumb"},"inLanguage":"fr-FR","potentialAction":[{"@type":"ReadAction","target":["https:\/\/ykmtest.com\/product\/automatic-blaine-air-permeability-apparatus\/"]}]},{"@type":"BreadcrumbList","@id":"https:\/\/ykmtest.com\/product\/automatic-blaine-air-permeability-apparatus\/#breadcrumb","itemListElement":[{"@type":"ListItem","position":1,"name":"Home","item":"https:\/\/darkorchid-cheetah-525435.hostingersite.com\/"},{"@type":"ListItem","position":2,"name":"\u0422\u043e\u0432\u0430\u0440\u044b","item":"https:\/\/ykmtest.com\/ru\/shop\/"},{"@type":"ListItem","position":3,"name":"Automatic Blaine Air Permeability Apparatus"}]},{"@type":"WebSite","@id":"https:\/\/darkorchid-cheetah-525435.hostingersite.com\/#website","url":"https:\/\/darkorchid-cheetah-525435.hostingersite.com\/","name":"TEST YKM","description":"","publisher":{"@id":"https:\/\/darkorchid-cheetah-525435.hostingersite.com\/#organization"},"potentialAction":[{"@type":"SearchAction","target":{"@type":"EntryPoint","urlTemplate":"https:\/\/darkorchid-cheetah-525435.hostingersite.com\/?s={search_term_string}"},"query-input":{"@type":"PropertyValueSpecification","valueRequired":true,"valueName":"search_term_string"}}],"inLanguage":"fr-FR"},{"@type":["Organization","Place"],"@id":"https:\/\/darkorchid-cheetah-525435.hostingersite.com\/#organization","name":"TEST YKM","url":"https:\/\/darkorchid-cheetah-525435.hostingersite.com\/","logo":{"@id":"https:\/\/ykmtest.com\/product\/automatic-blaine-air-permeability-apparatus\/#local-main-organization-logo"},"image":{"@id":"https:\/\/ykmtest.com\/product\/automatic-blaine-air-permeability-apparatus\/#local-main-organization-logo"},"telephone":[],"openingHoursSpecification":[{"@type":"OpeningHoursSpecification","dayOfWeek":["Monday","Tuesday","Wednesday","Thursday","Friday","Saturday","Sunday"],"opens":"09:00","closes":"17:00"}]},{"@type":"ImageObject","inLanguage":"fr-FR","@id":"https:\/\/ykmtest.com\/product\/automatic-blaine-air-permeability-apparatus\/#local-main-organization-logo","url":"https:\/\/ykmtest.com\/wp-content\/uploads\/2025\/10\/Asset-2@2x-8.png","contentUrl":"https:\/\/ykmtest.com\/wp-content\/uploads\/2025\/10\/Asset-2@2x-8.png","width":1550,"height":323,"caption":"YKM TEST"}]},"product_price_currency":"USD","og_availability":"instock","product_availability":"instock","product_condition":"new"},"_links":{"self":[{"href":"https:\/\/ykmtest.com\/french\/wp-json\/wp\/v2\/product\/11730","targetHints":{"allow":["GET"]}}],"collection":[{"href":"https:\/\/ykmtest.com\/french\/wp-json\/wp\/v2\/product"}],"about":[{"href":"https:\/\/ykmtest.com\/french\/wp-json\/wp\/v2\/types\/product"}],"version-history":[{"count":1,"href":"https:\/\/ykmtest.com\/french\/wp-json\/wp\/v2\/product\/11730\/revisions"}],"predecessor-version":[{"id":11731,"href":"https:\/\/ykmtest.com\/french\/wp-json\/wp\/v2\/product\/11730\/revisions\/11731"}],"wp:attachment":[{"href":"https:\/\/ykmtest.com\/french\/wp-json\/wp\/v2\/media?parent=11730"}],"wp:term":[{"taxonomy":"product_brand","embeddable":true,"href":"https:\/\/ykmtest.com\/french\/wp-json\/wp\/v2\/product_brand?post=11730"},{"taxonomy":"product_cat","embeddable":true,"href":"https:\/\/ykmtest.com\/french\/wp-json\/wp\/v2\/product_cat?post=11730"},{"taxonomy":"product_tag","embeddable":true,"href":"https:\/\/ykmtest.com\/french\/wp-json\/wp\/v2\/product_tag?post=11730"}],"curies":[{"name":"wp","href":"https:\/\/api.w.org\/{rel}","templated":true}]}}