{"id":11747,"date":"2026-01-02T08:28:27","date_gmt":"2026-01-02T08:28:27","guid":{"rendered":"https:\/\/ykmtest.com\/?post_type=product&#038;p=11747"},"modified":"2026-01-02T08:28:28","modified_gmt":"2026-01-02T08:28:28","slug":"gillmore-apparatus","status":"publish","type":"product","link":"https:\/\/ykmtest.com\/french\/produit\/gillmore-apparatus\/","title":{"rendered":"Appareil Gillmore"},"content":{"rendered":"<p class=\"p3\"><span lang=\"TR\">L'appareil de Gillmore est con\u00e7u pour d\u00e9terminer les temps de prise initial et final du ciment hydraulique avec une pr\u00e9cision reproductible, en utilisant un m\u00e9canisme de pr\u00e9cision \u00e0 aiguille et support. Il se compose de deux aiguilles en acier inoxydable de masses diff\u00e9rentes, d'un cadre de support \u00e9quilibr\u00e9, de plaques de verre et d'une base en acier \u00e0 haute stabilit\u00e9. Le principe du test est bas\u00e9 sur l'\u00e9valuation de la r\u00e9ponse \u00e0 la p\u00e9n\u00e9tration ou au marquage de la surface de la p\u00e2te de ciment fra\u00eeche lorsqu'elle est touch\u00e9e par des aiguilles de dimensions et de poids standardis\u00e9s. Deux aiguilles sont utilis\u00e9es : l'une pour la prise initiale et l'autre pour la prise finale. L'aiguille de prise initiale a g\u00e9n\u00e9ralement un diam\u00e8tre de pointe de 2,12 mm et une masse de 113,4 g. Elle est appliqu\u00e9e p\u00e9riodiquement sur la p\u00e2te de ciment et le temps de prise initiale est enregistr\u00e9 lorsque l'aiguille ne laisse plus de marque visible sur la surface. L'aiguille de prise finale a un diam\u00e8tre de pointe de 1,06 mm et une masse totale de 453,6 g. Le temps de prise finale est atteint lorsque cette aiguille plus lourde ne laisse pas non plus d'empreinte sur la surface de l'\u00e9chantillon.<\/span><\/p>","protected":false},"excerpt":{"rendered":"<p class=\"p1\"><span lang=\"TR\">L'appareil Gillmore est un syst\u00e8me d'essai \u00e0 aiguille de pr\u00e9cision qui d\u00e9termine les temps de prise initial et final du ciment hydraulique \u00e0 l'aide de deux aiguilles normalis\u00e9es en acier inoxydable de masses et de diam\u00e8tres de pointe diff\u00e9rents, appliqu\u00e9es p\u00e9riodiquement \u00e0 la surface de la p\u00e2te.<\/span><\/p>","protected":false},"featured_media":0,"template":"","meta":{"_acf_changed":false},"product_brand":[],"product_cat":[159,168],"product_tag":[],"class_list":{"0":"post-11747","1":"product","2":"type-product","3":"status-publish","5":"product_cat-cement-mortar","6":"product_cat-setting-time-and-consistency","9":"instock","10":"shipping-taxable","11":"product-type-simple"},"acf":[],"yoast_head":"<!-- This site is optimized with the Yoast SEO Premium plugin v26.5 (Yoast SEO v26.5) - https:\/\/yoast.com\/wordpress\/plugins\/seo\/ -->\n<title>Gillmore Apparatus - YKM TEST<\/title>\n<meta name=\"description\" content=\"Gillmore Apparatus is a laboratory device used to determine the initial and final setting times of hydraulic cement using standardized needle penetration methods.\" \/>\n<meta name=\"robots\" content=\"index, follow, max-snippet:-1, max-image-preview:large, max-video-preview:-1\" \/>\n<link rel=\"canonical\" href=\"https:\/\/ykmtest.com\/french\/produit\/gillmore-apparatus\/\" \/>\n<meta property=\"og:locale\" content=\"fr_FR\" \/>\n<meta property=\"og:type\" content=\"article\" \/>\n<meta property=\"og:title\" content=\"Gillmore Apparatus\" \/>\n<meta property=\"og:description\" content=\"Gillmore Apparatus is a laboratory device used to determine the initial and final setting times of hydraulic cement using standardized needle penetration methods.\" \/>\n<meta property=\"og:url\" content=\"https:\/\/ykmtest.com\/french\/produit\/gillmore-apparatus\/\" \/>\n<meta property=\"og:site_name\" content=\"YKM TEST\" \/>\n<meta property=\"article:modified_time\" content=\"2026-01-02T08:28:28+00:00\" \/>\n<meta name=\"twitter:card\" content=\"summary_large_image\" \/>\n<meta name=\"twitter:label1\" content=\"Prix\" \/>\n\t<meta name=\"twitter:data1\" content=\"\" \/>\n\t<meta name=\"twitter:label2\" content=\"Disponibilit\u00e9\" \/>\n\t<meta name=\"twitter:data2\" content=\"En stock\" \/>\n<script type=\"application\/ld+json\" class=\"yoast-schema-graph\">{\"@context\":\"https:\/\/schema.org\",\"@graph\":[{\"@type\":\"WebPage\",\"@id\":\"https:\/\/ykmtest.com\/product\/gillmore-apparatus\/\",\"url\":\"https:\/\/ykmtest.com\/product\/gillmore-apparatus\/\",\"name\":\"Gillmore Apparatus - YKM TEST\",\"isPartOf\":{\"@id\":\"https:\/\/darkorchid-cheetah-525435.hostingersite.com\/#website\"},\"datePublished\":\"2026-01-02T08:28:27+00:00\",\"dateModified\":\"2026-01-02T08:28:28+00:00\",\"description\":\"Gillmore Apparatus is a laboratory device used to determine the initial and final setting times of hydraulic cement using standardized needle penetration methods.\",\"breadcrumb\":{\"@id\":\"https:\/\/ykmtest.com\/product\/gillmore-apparatus\/#breadcrumb\"},\"inLanguage\":\"fr-FR\",\"potentialAction\":[{\"@type\":\"ReadAction\",\"target\":[\"https:\/\/ykmtest.com\/product\/gillmore-apparatus\/\"]}]},{\"@type\":\"BreadcrumbList\",\"@id\":\"https:\/\/ykmtest.com\/product\/gillmore-apparatus\/#breadcrumb\",\"itemListElement\":[{\"@type\":\"ListItem\",\"position\":1,\"name\":\"Home\",\"item\":\"https:\/\/darkorchid-cheetah-525435.hostingersite.com\/\"},{\"@type\":\"ListItem\",\"position\":2,\"name\":\"\u0422\u043e\u0432\u0430\u0440\u044b\",\"item\":\"https:\/\/ykmtest.com\/ru\/shop\/\"},{\"@type\":\"ListItem\",\"position\":3,\"name\":\"Gillmore Apparatus\"}]},{\"@type\":\"WebSite\",\"@id\":\"https:\/\/darkorchid-cheetah-525435.hostingersite.com\/#website\",\"url\":\"https:\/\/darkorchid-cheetah-525435.hostingersite.com\/\",\"name\":\"YKM TEST\",\"description\":\"\",\"publisher\":{\"@id\":\"https:\/\/darkorchid-cheetah-525435.hostingersite.com\/#organization\"},\"potentialAction\":[{\"@type\":\"SearchAction\",\"target\":{\"@type\":\"EntryPoint\",\"urlTemplate\":\"https:\/\/darkorchid-cheetah-525435.hostingersite.com\/?s={search_term_string}\"},\"query-input\":{\"@type\":\"PropertyValueSpecification\",\"valueRequired\":true,\"valueName\":\"search_term_string\"}}],\"inLanguage\":\"fr-FR\"},{\"@type\":[\"Organization\",\"Place\"],\"@id\":\"https:\/\/darkorchid-cheetah-525435.hostingersite.com\/#organization\",\"name\":\"YKM TEST\",\"url\":\"https:\/\/darkorchid-cheetah-525435.hostingersite.com\/\",\"logo\":{\"@id\":\"https:\/\/ykmtest.com\/product\/gillmore-apparatus\/#local-main-organization-logo\"},\"image\":{\"@id\":\"https:\/\/ykmtest.com\/product\/gillmore-apparatus\/#local-main-organization-logo\"},\"telephone\":[],\"openingHoursSpecification\":[{\"@type\":\"OpeningHoursSpecification\",\"dayOfWeek\":[\"Monday\",\"Tuesday\",\"Wednesday\",\"Thursday\",\"Friday\",\"Saturday\",\"Sunday\"],\"opens\":\"09:00\",\"closes\":\"17:00\"}]},{\"@type\":\"ImageObject\",\"inLanguage\":\"fr-FR\",\"@id\":\"https:\/\/ykmtest.com\/product\/gillmore-apparatus\/#local-main-organization-logo\",\"url\":\"https:\/\/ykmtest.com\/wp-content\/uploads\/2025\/10\/Asset-2@2x-8.png\",\"contentUrl\":\"https:\/\/ykmtest.com\/wp-content\/uploads\/2025\/10\/Asset-2@2x-8.png\",\"width\":1550,\"height\":323,\"caption\":\"YKM TEST\"}]}<\/script>\n<meta property=\"product:price:currency\" content=\"USD\" \/>\n<meta property=\"og:availability\" content=\"instock\" \/>\n<meta property=\"product:availability\" content=\"instock\" \/>\n<meta property=\"product:condition\" content=\"new\" \/>\n<!-- \/ Yoast SEO Premium plugin. -->","yoast_head_json":{"title":"Gillmore Apparatus - YKM TEST","description":"Gillmore Apparatus is a laboratory device used to determine the initial and final setting times of hydraulic cement using standardized needle penetration methods.","robots":{"index":"index","follow":"follow","max-snippet":"max-snippet:-1","max-image-preview":"max-image-preview:large","max-video-preview":"max-video-preview:-1"},"canonical":"https:\/\/ykmtest.com\/french\/produit\/gillmore-apparatus\/","og_locale":"fr_FR","og_type":"article","og_title":"Gillmore Apparatus","og_description":"Gillmore Apparatus is a laboratory device used to determine the initial and final setting times of hydraulic cement using standardized needle penetration methods.","og_url":"https:\/\/ykmtest.com\/french\/produit\/gillmore-apparatus\/","og_site_name":"YKM TEST","article_modified_time":"2026-01-02T08:28:28+00:00","twitter_card":"summary_large_image","twitter_misc":{"Prix":"","Disponibilit\u00e9":"En stock"},"schema":{"@context":"https:\/\/schema.org","@graph":[{"@type":"WebPage","@id":"https:\/\/ykmtest.com\/product\/gillmore-apparatus\/","url":"https:\/\/ykmtest.com\/product\/gillmore-apparatus\/","name":"Gillmore Apparatus - YKM TEST","isPartOf":{"@id":"https:\/\/darkorchid-cheetah-525435.hostingersite.com\/#website"},"datePublished":"2026-01-02T08:28:27+00:00","dateModified":"2026-01-02T08:28:28+00:00","description":"Gillmore Apparatus is a laboratory device used to determine the initial and final setting times of hydraulic cement using standardized needle penetration methods.","breadcrumb":{"@id":"https:\/\/ykmtest.com\/product\/gillmore-apparatus\/#breadcrumb"},"inLanguage":"fr-FR","potentialAction":[{"@type":"ReadAction","target":["https:\/\/ykmtest.com\/product\/gillmore-apparatus\/"]}]},{"@type":"BreadcrumbList","@id":"https:\/\/ykmtest.com\/product\/gillmore-apparatus\/#breadcrumb","itemListElement":[{"@type":"ListItem","position":1,"name":"Home","item":"https:\/\/darkorchid-cheetah-525435.hostingersite.com\/"},{"@type":"ListItem","position":2,"name":"\u0422\u043e\u0432\u0430\u0440\u044b","item":"https:\/\/ykmtest.com\/ru\/shop\/"},{"@type":"ListItem","position":3,"name":"Gillmore Apparatus"}]},{"@type":"WebSite","@id":"https:\/\/darkorchid-cheetah-525435.hostingersite.com\/#website","url":"https:\/\/darkorchid-cheetah-525435.hostingersite.com\/","name":"TEST YKM","description":"","publisher":{"@id":"https:\/\/darkorchid-cheetah-525435.hostingersite.com\/#organization"},"potentialAction":[{"@type":"SearchAction","target":{"@type":"EntryPoint","urlTemplate":"https:\/\/darkorchid-cheetah-525435.hostingersite.com\/?s={search_term_string}"},"query-input":{"@type":"PropertyValueSpecification","valueRequired":true,"valueName":"search_term_string"}}],"inLanguage":"fr-FR"},{"@type":["Organization","Place"],"@id":"https:\/\/darkorchid-cheetah-525435.hostingersite.com\/#organization","name":"TEST YKM","url":"https:\/\/darkorchid-cheetah-525435.hostingersite.com\/","logo":{"@id":"https:\/\/ykmtest.com\/product\/gillmore-apparatus\/#local-main-organization-logo"},"image":{"@id":"https:\/\/ykmtest.com\/product\/gillmore-apparatus\/#local-main-organization-logo"},"telephone":[],"openingHoursSpecification":[{"@type":"OpeningHoursSpecification","dayOfWeek":["Monday","Tuesday","Wednesday","Thursday","Friday","Saturday","Sunday"],"opens":"09:00","closes":"17:00"}]},{"@type":"ImageObject","inLanguage":"fr-FR","@id":"https:\/\/ykmtest.com\/product\/gillmore-apparatus\/#local-main-organization-logo","url":"https:\/\/ykmtest.com\/wp-content\/uploads\/2025\/10\/Asset-2@2x-8.png","contentUrl":"https:\/\/ykmtest.com\/wp-content\/uploads\/2025\/10\/Asset-2@2x-8.png","width":1550,"height":323,"caption":"YKM TEST"}]},"product_price_currency":"USD","og_availability":"instock","product_availability":"instock","product_condition":"new"},"_links":{"self":[{"href":"https:\/\/ykmtest.com\/french\/wp-json\/wp\/v2\/product\/11747","targetHints":{"allow":["GET"]}}],"collection":[{"href":"https:\/\/ykmtest.com\/french\/wp-json\/wp\/v2\/product"}],"about":[{"href":"https:\/\/ykmtest.com\/french\/wp-json\/wp\/v2\/types\/product"}],"version-history":[{"count":1,"href":"https:\/\/ykmtest.com\/french\/wp-json\/wp\/v2\/product\/11747\/revisions"}],"predecessor-version":[{"id":11748,"href":"https:\/\/ykmtest.com\/french\/wp-json\/wp\/v2\/product\/11747\/revisions\/11748"}],"wp:attachment":[{"href":"https:\/\/ykmtest.com\/french\/wp-json\/wp\/v2\/media?parent=11747"}],"wp:term":[{"taxonomy":"product_brand","embeddable":true,"href":"https:\/\/ykmtest.com\/french\/wp-json\/wp\/v2\/product_brand?post=11747"},{"taxonomy":"product_cat","embeddable":true,"href":"https:\/\/ykmtest.com\/french\/wp-json\/wp\/v2\/product_cat?post=11747"},{"taxonomy":"product_tag","embeddable":true,"href":"https:\/\/ykmtest.com\/french\/wp-json\/wp\/v2\/product_tag?post=11747"}],"curies":[{"name":"wp","href":"https:\/\/api.w.org\/{rel}","templated":true}]}}