{"id":6620,"date":"2025-10-08T16:49:13","date_gmt":"2025-10-08T16:49:13","guid":{"rendered":"https:\/\/ykmtest.com\/?post_type=product&#038;p=6620"},"modified":"2025-10-12T09:01:33","modified_gmt":"2025-10-12T09:01:33","slug":"pensky-martens-closed-cup-tester","status":"publish","type":"product","link":"https:\/\/ykmtest.com\/french\/produit\/pensky-martens-closed-cup-tester\/","title":{"rendered":"Testeur \u00e0 coupelle ferm\u00e9e Pensky-Martens"},"content":{"rendered":"","protected":false},"excerpt":{"rendered":"<p>Con\u00e7u pour d\u00e9terminer le point d'\u00e9clair des produits p\u00e9troliers \u00e0 l'aide du test en vase clos, cet appareil est id\u00e9al pour tester les mat\u00e9riaux dont le point d'\u00e9clair se situe entre 40\u00b0C et 360\u00b0C. Il est enti\u00e8rement \u00e9quip\u00e9 d'un agitateur, d'un \u00e9cran de protection contre les radiations, d'un bain en fonte et d'un chauffage \u00e9lectrique dot\u00e9 d'un thermor\u00e9gulateur num\u00e9rique. Le dispositif comprend deux thermom\u00e8tres : ASTM 9C, allant de -5\u00b0C \u00e0 +110\u00b0C avec des divisions de 0,5\u00b0C, et ASTM 8C (allant g\u00e9n\u00e9ralement plus haut, en fonction de la sp\u00e9cification compl\u00e8te), permettant une d\u00e9termination pr\u00e9cise et fiable du point d'\u00e9clair dans une large gamme de temp\u00e9ratures.<\/p>","protected":false},"featured_media":7066,"template":"","meta":{"_acf_changed":false},"product_brand":[],"product_cat":[211],"product_tag":[],"class_list":{"0":"post-6620","1":"product","2":"type-product","3":"status-publish","4":"has-post-thumbnail","6":"product_cat-asphalt-bitumen","9":"instock","10":"shipping-taxable","11":"product-type-simple"},"acf":[],"yoast_head":"<!-- This site is optimized with the Yoast SEO Premium plugin v26.5 (Yoast SEO v26.5) - https:\/\/yoast.com\/wordpress\/plugins\/seo\/ -->\n<title>Pensky\u2013Martens Closed Cup Tester - YKM TEST<\/title>\n<meta name=\"robots\" content=\"index, follow, max-snippet:-1, max-image-preview:large, max-video-preview:-1\" \/>\n<link rel=\"canonical\" href=\"https:\/\/ykmtest.com\/french\/produit\/pensky-martens-closed-cup-tester\/\" \/>\n<meta property=\"og:locale\" content=\"fr_FR\" \/>\n<meta property=\"og:type\" content=\"article\" \/>\n<meta property=\"og:title\" content=\"Pensky\u2013Martens Closed Cup Tester\" \/>\n<meta property=\"og:description\" content=\"Designed for determining the flash point of petroleum products using the Closed Cup Test, this device is ideal for testing materials with a flash point range of 40\u00b0C to 360\u00b0C. It comes fully equipped with a stirrer, radiation shield, cast iron bath, and an electric heater featuring a digital thermoregulator. The setup includes two thermometers: ASTM 9C, ranging from -5\u00b0C to +110\u00b0C with 0.5\u00b0C divisions, and ASTM 8C (typically ranging higher, depending on the full specification), allowing for accurate and reliable flash point determination across a broad temperature range.\" \/>\n<meta property=\"og:url\" content=\"https:\/\/ykmtest.com\/french\/produit\/pensky-martens-closed-cup-tester\/\" \/>\n<meta property=\"og:site_name\" content=\"YKM TEST\" \/>\n<meta property=\"article:modified_time\" content=\"2025-10-12T09:01:33+00:00\" \/>\n<meta property=\"og:image\" content=\"https:\/\/ykmtest.com\/wp-content\/uploads\/2025\/10\/Screenshot_7.png\" \/>\n\t<meta property=\"og:image:width\" content=\"1100\" \/>\n\t<meta property=\"og:image:height\" content=\"800\" \/>\n\t<meta property=\"og:image:type\" content=\"image\/png\" \/>\n<meta name=\"twitter:card\" content=\"summary_large_image\" \/>\n<meta name=\"twitter:label1\" content=\"Prix\" \/>\n\t<meta name=\"twitter:data1\" content=\"\" \/>\n\t<meta name=\"twitter:label2\" content=\"Disponibilit\u00e9\" \/>\n\t<meta name=\"twitter:data2\" content=\"En stock\" \/>\n<script type=\"application\/ld+json\" class=\"yoast-schema-graph\">{\"@context\":\"https:\/\/schema.org\",\"@graph\":[{\"@type\":\"WebPage\",\"@id\":\"https:\/\/ykmtest.com\/product\/pensky-martens-closed-cup-tester\/\",\"url\":\"https:\/\/ykmtest.com\/product\/pensky-martens-closed-cup-tester\/\",\"name\":\"Pensky\u2013Martens Closed Cup Tester - YKM TEST\",\"isPartOf\":{\"@id\":\"https:\/\/darkorchid-cheetah-525435.hostingersite.com\/#website\"},\"primaryImageOfPage\":{\"@id\":\"https:\/\/ykmtest.com\/product\/pensky-martens-closed-cup-tester\/#primaryimage\"},\"image\":{\"@id\":\"https:\/\/ykmtest.com\/product\/pensky-martens-closed-cup-tester\/#primaryimage\"},\"thumbnailUrl\":\"https:\/\/ykmtest.com\/wp-content\/uploads\/2025\/10\/Screenshot_7.png\",\"datePublished\":\"2025-10-08T16:49:13+00:00\",\"dateModified\":\"2025-10-12T09:01:33+00:00\",\"breadcrumb\":{\"@id\":\"https:\/\/ykmtest.com\/product\/pensky-martens-closed-cup-tester\/#breadcrumb\"},\"inLanguage\":\"fr-FR\",\"potentialAction\":[{\"@type\":\"ReadAction\",\"target\":[\"https:\/\/ykmtest.com\/product\/pensky-martens-closed-cup-tester\/\"]}]},{\"@type\":\"ImageObject\",\"inLanguage\":\"fr-FR\",\"@id\":\"https:\/\/ykmtest.com\/product\/pensky-martens-closed-cup-tester\/#primaryimage\",\"url\":\"https:\/\/ykmtest.com\/wp-content\/uploads\/2025\/10\/Screenshot_7.png\",\"contentUrl\":\"https:\/\/ykmtest.com\/wp-content\/uploads\/2025\/10\/Screenshot_7.png\",\"width\":1100,\"height\":800},{\"@type\":\"BreadcrumbList\",\"@id\":\"https:\/\/ykmtest.com\/product\/pensky-martens-closed-cup-tester\/#breadcrumb\",\"itemListElement\":[{\"@type\":\"ListItem\",\"position\":1,\"name\":\"Home\",\"item\":\"https:\/\/darkorchid-cheetah-525435.hostingersite.com\/\"},{\"@type\":\"ListItem\",\"position\":2,\"name\":\"\u0422\u043e\u0432\u0430\u0440\u044b\",\"item\":\"https:\/\/ykmtest.com\/ru\/shop\/\"},{\"@type\":\"ListItem\",\"position\":3,\"name\":\"Pensky\u2013Martens Closed Cup Tester\"}]},{\"@type\":\"WebSite\",\"@id\":\"https:\/\/darkorchid-cheetah-525435.hostingersite.com\/#website\",\"url\":\"https:\/\/darkorchid-cheetah-525435.hostingersite.com\/\",\"name\":\"YKM TEST\",\"description\":\"\",\"publisher\":{\"@id\":\"https:\/\/darkorchid-cheetah-525435.hostingersite.com\/#organization\"},\"potentialAction\":[{\"@type\":\"SearchAction\",\"target\":{\"@type\":\"EntryPoint\",\"urlTemplate\":\"https:\/\/darkorchid-cheetah-525435.hostingersite.com\/?s={search_term_string}\"},\"query-input\":{\"@type\":\"PropertyValueSpecification\",\"valueRequired\":true,\"valueName\":\"search_term_string\"}}],\"inLanguage\":\"fr-FR\"},{\"@type\":[\"Organization\",\"Place\"],\"@id\":\"https:\/\/darkorchid-cheetah-525435.hostingersite.com\/#organization\",\"name\":\"YKM TEST\",\"url\":\"https:\/\/darkorchid-cheetah-525435.hostingersite.com\/\",\"logo\":{\"@id\":\"https:\/\/ykmtest.com\/product\/pensky-martens-closed-cup-tester\/#local-main-organization-logo\"},\"image\":{\"@id\":\"https:\/\/ykmtest.com\/product\/pensky-martens-closed-cup-tester\/#local-main-organization-logo\"},\"telephone\":[],\"openingHoursSpecification\":[{\"@type\":\"OpeningHoursSpecification\",\"dayOfWeek\":[\"Monday\",\"Tuesday\",\"Wednesday\",\"Thursday\",\"Friday\",\"Saturday\",\"Sunday\"],\"opens\":\"09:00\",\"closes\":\"17:00\"}]},{\"@type\":\"ImageObject\",\"inLanguage\":\"fr-FR\",\"@id\":\"https:\/\/ykmtest.com\/product\/pensky-martens-closed-cup-tester\/#local-main-organization-logo\",\"url\":\"https:\/\/ykmtest.com\/wp-content\/uploads\/2025\/10\/Asset-2@2x-8.png\",\"contentUrl\":\"https:\/\/ykmtest.com\/wp-content\/uploads\/2025\/10\/Asset-2@2x-8.png\",\"width\":1550,\"height\":323,\"caption\":\"YKM TEST\"}]}<\/script>\n<meta property=\"product:price:currency\" content=\"USD\" \/>\n<meta property=\"og:availability\" content=\"instock\" \/>\n<meta property=\"product:availability\" content=\"instock\" \/>\n<meta property=\"product:condition\" content=\"new\" \/>\n<!-- \/ Yoast SEO Premium plugin. -->","yoast_head_json":{"title":"Pensky\u2013Martens Closed Cup Tester - YKM TEST","robots":{"index":"index","follow":"follow","max-snippet":"max-snippet:-1","max-image-preview":"max-image-preview:large","max-video-preview":"max-video-preview:-1"},"canonical":"https:\/\/ykmtest.com\/french\/produit\/pensky-martens-closed-cup-tester\/","og_locale":"fr_FR","og_type":"article","og_title":"Pensky\u2013Martens Closed Cup Tester","og_description":"Designed for determining the flash point of petroleum products using the Closed Cup Test, this device is ideal for testing materials with a flash point range of 40\u00b0C to 360\u00b0C. It comes fully equipped with a stirrer, radiation shield, cast iron bath, and an electric heater featuring a digital thermoregulator. The setup includes two thermometers: ASTM 9C, ranging from -5\u00b0C to +110\u00b0C with 0.5\u00b0C divisions, and ASTM 8C (typically ranging higher, depending on the full specification), allowing for accurate and reliable flash point determination across a broad temperature range.","og_url":"https:\/\/ykmtest.com\/french\/produit\/pensky-martens-closed-cup-tester\/","og_site_name":"YKM TEST","article_modified_time":"2025-10-12T09:01:33+00:00","og_image":[{"width":1100,"height":800,"url":"https:\/\/ykmtest.com\/wp-content\/uploads\/2025\/10\/Screenshot_7.png","type":"image\/png"}],"twitter_card":"summary_large_image","twitter_misc":{"Prix":"","Disponibilit\u00e9":"En stock"},"schema":{"@context":"https:\/\/schema.org","@graph":[{"@type":"WebPage","@id":"https:\/\/ykmtest.com\/product\/pensky-martens-closed-cup-tester\/","url":"https:\/\/ykmtest.com\/product\/pensky-martens-closed-cup-tester\/","name":"Pensky\u2013Martens Closed Cup Tester - YKM TEST","isPartOf":{"@id":"https:\/\/darkorchid-cheetah-525435.hostingersite.com\/#website"},"primaryImageOfPage":{"@id":"https:\/\/ykmtest.com\/product\/pensky-martens-closed-cup-tester\/#primaryimage"},"image":{"@id":"https:\/\/ykmtest.com\/product\/pensky-martens-closed-cup-tester\/#primaryimage"},"thumbnailUrl":"https:\/\/ykmtest.com\/wp-content\/uploads\/2025\/10\/Screenshot_7.png","datePublished":"2025-10-08T16:49:13+00:00","dateModified":"2025-10-12T09:01:33+00:00","breadcrumb":{"@id":"https:\/\/ykmtest.com\/product\/pensky-martens-closed-cup-tester\/#breadcrumb"},"inLanguage":"fr-FR","potentialAction":[{"@type":"ReadAction","target":["https:\/\/ykmtest.com\/product\/pensky-martens-closed-cup-tester\/"]}]},{"@type":"ImageObject","inLanguage":"fr-FR","@id":"https:\/\/ykmtest.com\/product\/pensky-martens-closed-cup-tester\/#primaryimage","url":"https:\/\/ykmtest.com\/wp-content\/uploads\/2025\/10\/Screenshot_7.png","contentUrl":"https:\/\/ykmtest.com\/wp-content\/uploads\/2025\/10\/Screenshot_7.png","width":1100,"height":800},{"@type":"BreadcrumbList","@id":"https:\/\/ykmtest.com\/product\/pensky-martens-closed-cup-tester\/#breadcrumb","itemListElement":[{"@type":"ListItem","position":1,"name":"Home","item":"https:\/\/darkorchid-cheetah-525435.hostingersite.com\/"},{"@type":"ListItem","position":2,"name":"\u0422\u043e\u0432\u0430\u0440\u044b","item":"https:\/\/ykmtest.com\/ru\/shop\/"},{"@type":"ListItem","position":3,"name":"Pensky\u2013Martens Closed Cup Tester"}]},{"@type":"WebSite","@id":"https:\/\/darkorchid-cheetah-525435.hostingersite.com\/#website","url":"https:\/\/darkorchid-cheetah-525435.hostingersite.com\/","name":"TEST YKM","description":"","publisher":{"@id":"https:\/\/darkorchid-cheetah-525435.hostingersite.com\/#organization"},"potentialAction":[{"@type":"SearchAction","target":{"@type":"EntryPoint","urlTemplate":"https:\/\/darkorchid-cheetah-525435.hostingersite.com\/?s={search_term_string}"},"query-input":{"@type":"PropertyValueSpecification","valueRequired":true,"valueName":"search_term_string"}}],"inLanguage":"fr-FR"},{"@type":["Organization","Place"],"@id":"https:\/\/darkorchid-cheetah-525435.hostingersite.com\/#organization","name":"TEST YKM","url":"https:\/\/darkorchid-cheetah-525435.hostingersite.com\/","logo":{"@id":"https:\/\/ykmtest.com\/product\/pensky-martens-closed-cup-tester\/#local-main-organization-logo"},"image":{"@id":"https:\/\/ykmtest.com\/product\/pensky-martens-closed-cup-tester\/#local-main-organization-logo"},"telephone":[],"openingHoursSpecification":[{"@type":"OpeningHoursSpecification","dayOfWeek":["Monday","Tuesday","Wednesday","Thursday","Friday","Saturday","Sunday"],"opens":"09:00","closes":"17:00"}]},{"@type":"ImageObject","inLanguage":"fr-FR","@id":"https:\/\/ykmtest.com\/product\/pensky-martens-closed-cup-tester\/#local-main-organization-logo","url":"https:\/\/ykmtest.com\/wp-content\/uploads\/2025\/10\/Asset-2@2x-8.png","contentUrl":"https:\/\/ykmtest.com\/wp-content\/uploads\/2025\/10\/Asset-2@2x-8.png","width":1550,"height":323,"caption":"YKM TEST"}]},"product_price_currency":"USD","og_availability":"instock","product_availability":"instock","product_condition":"new"},"_links":{"self":[{"href":"https:\/\/ykmtest.com\/french\/wp-json\/wp\/v2\/product\/6620","targetHints":{"allow":["GET"]}}],"collection":[{"href":"https:\/\/ykmtest.com\/french\/wp-json\/wp\/v2\/product"}],"about":[{"href":"https:\/\/ykmtest.com\/french\/wp-json\/wp\/v2\/types\/product"}],"version-history":[{"count":0,"href":"https:\/\/ykmtest.com\/french\/wp-json\/wp\/v2\/product\/6620\/revisions"}],"wp:featuredmedia":[{"embeddable":true,"href":"https:\/\/ykmtest.com\/french\/wp-json\/wp\/v2\/media\/7066"}],"wp:attachment":[{"href":"https:\/\/ykmtest.com\/french\/wp-json\/wp\/v2\/media?parent=6620"}],"wp:term":[{"taxonomy":"product_brand","embeddable":true,"href":"https:\/\/ykmtest.com\/french\/wp-json\/wp\/v2\/product_brand?post=6620"},{"taxonomy":"product_cat","embeddable":true,"href":"https:\/\/ykmtest.com\/french\/wp-json\/wp\/v2\/product_cat?post=6620"},{"taxonomy":"product_tag","embeddable":true,"href":"https:\/\/ykmtest.com\/french\/wp-json\/wp\/v2\/product_tag?post=6620"}],"curies":[{"name":"wp","href":"https:\/\/api.w.org\/{rel}","templated":true}]}}